{"id":3024,"date":"2022-10-07T17:07:36","date_gmt":"2022-10-07T22:07:36","guid":{"rendered":"https:\/\/apprende.jalisco.gob.mx\/direccion-educacion-especial\/?page_id=3024"},"modified":"2022-10-07T17:08:14","modified_gmt":"2022-10-07T22:08:14","slug":"capacitacion-y-actualizacion-a-los-docentes-en-las-diferentes-areas","status":"publish","type":"page","link":"https:\/\/apprende.jalisco.gob.mx\/direccion-educacion-especial\/capacitacion-y-actualizacion-a-los-docentes-en-las-diferentes-areas\/","title":{"rendered":"Capacitaci\u00f3n y actualizaci\u00f3n a los docentes en las diferentes \u00e1reas"},"content":{"rendered":"\t\t<div data-elementor-type=\"wp-page\" data-elementor-id=\"3024\" class=\"elementor elementor-3024\" data-elementor-post-type=\"page\">\n\t\t\t\t\t\t\t\t\t<section class=\"elementor-section elementor-top-section elementor-element elementor-element-ddfb6fd elementor-section-boxed elementor-section-height-default elementor-section-height-default\" data-id=\"ddfb6fd\" data-element_type=\"section\" data-settings=\"{&quot;ekit_has_onepagescroll_dot&quot;:&quot;yes&quot;}\">\n\t\t\t\t\t\t<div class=\"elementor-container elementor-column-gap-default\">\n\t\t\t\t\t<div class=\"elementor-column elementor-col-100 elementor-top-column elementor-element elementor-element-b5fef51\" data-id=\"b5fef51\" data-element_type=\"column\">\n\t\t\t<div class=\"elementor-widget-wrap elementor-element-populated\">\n\t\t\t\t\t\t\t\t<div class=\"elementor-element elementor-element-7c6b08c elementor-widget elementor-widget-breadcrumbs\" data-id=\"7c6b08c\" data-element_type=\"widget\" data-settings=\"{&quot;ekit_we_effect_on&quot;:&quot;none&quot;}\" data-widget_type=\"breadcrumbs.default\">\n\t\t\t\t<div class=\"elementor-widget-container\">\n\t\t\t<div id=\"breadcrumbs\"><span><span><a href=\"https:\/\/apprende.jalisco.gob.mx\/direccion-educacion-especial\/\">Inicio<\/a><\/span><\/span><\/div>\t\t<\/div>\n\t\t\t\t<\/div>\n\t\t\t\t\t<\/div>\n\t\t<\/div>\n\t\t\t\t\t\t\t<\/div>\n\t\t<\/section>\n\t\t\t\t<section class=\"elementor-section elementor-top-section elementor-element elementor-element-2496b07 elementor-section-full_width elementor-section-height-default elementor-section-height-default\" data-id=\"2496b07\" data-element_type=\"section\" data-settings=\"{&quot;background_background&quot;:&quot;classic&quot;,&quot;ekit_has_onepagescroll_dot&quot;:&quot;yes&quot;}\">\n\t\t\t\t\t\t<div class=\"elementor-container elementor-column-gap-default\">\n\t\t\t\t\t<div class=\"elementor-column elementor-col-100 elementor-top-column elementor-element elementor-element-abc373b\" data-id=\"abc373b\" data-element_type=\"column\">\n\t\t\t<div class=\"elementor-widget-wrap elementor-element-populated\">\n\t\t\t\t\t\t\t\t<section class=\"elementor-section elementor-inner-section elementor-element elementor-element-82a360c elementor-section-boxed elementor-section-height-default elementor-section-height-default\" data-id=\"82a360c\" data-element_type=\"section\" data-settings=\"{&quot;ekit_has_onepagescroll_dot&quot;:&quot;yes&quot;}\">\n\t\t\t\t\t\t<div class=\"elementor-container elementor-column-gap-default\">\n\t\t\t\t\t<div class=\"elementor-column elementor-col-100 elementor-inner-column elementor-element elementor-element-177f601\" data-id=\"177f601\" data-element_type=\"column\">\n\t\t\t<div class=\"elementor-widget-wrap elementor-element-populated\">\n\t\t\t\t\t\t\t\t<div class=\"elementor-element elementor-element-6db45a8 elementor-widget elementor-widget-heading\" data-id=\"6db45a8\" data-element_type=\"widget\" data-settings=\"{&quot;ekit_we_effect_on&quot;:&quot;none&quot;}\" data-widget_type=\"heading.default\">\n\t\t\t\t<div class=\"elementor-widget-container\">\n\t\t\t<h2 class=\"elementor-heading-title elementor-size-default\">Capacitaci\u00f3n y actualizaci\u00f3n a los docentes en las diferentes \u00e1reas<\/h2>\t\t<\/div>\n\t\t\t\t<\/div>\n\t\t\t\t<div class=\"elementor-element elementor-element-5487cb7 elementor-widget elementor-widget-text-editor\" data-id=\"5487cb7\" data-element_type=\"widget\" data-settings=\"{&quot;ekit_we_effect_on&quot;:&quot;none&quot;}\" data-widget_type=\"text-editor.default\">\n\t\t\t\t<div class=\"elementor-widget-container\">\n\t\t\t\t\t\t\t<p><strong>-DOCENTES<\/strong><\/p><ul><li>Taller de lengua de se\u00f1as mexicanas \u201cEn se\u00f1as me ense\u00f1as\u201d<br \/><u>Prop\u00f3sito:<\/u>\u00a0Que el participante desarrolle la habilidad de comunicaci\u00f3n en Lengua de Se\u00f1as Mexicana, en situaciones de la vida cotidiana y relacionadas a la escuela, cubriendo las habilidades de; escucha visual o comprensi\u00f3n signada, Intervenci\u00f3n en una conversaci\u00f3n, expresi\u00f3n de manera fluida, realizaci\u00f3n de una grabaci\u00f3n, y comprensi\u00f3n de su gram\u00e1tica e incremente el contenido l\u00e9xico<\/li><\/ul><ul><li>Taller Aptitudes Sobresalientes \u201cAlumnos(as) que Asombran\u201d<br \/><u>Prop\u00f3sito:<\/u>\u00a0Actualizar a los agentes educativos en la atenci\u00f3n de los alumnos(as) con Aptitudes Sobresalientes por medio de la implementaci\u00f3n de estrategias de intervenci\u00f3n espec\u00edficas que atiendan las necesidades de sus estudiantes eliminado las Barreras para el Aprendizaje y la Participaci\u00f3n que enfrentan.<\/li><\/ul><ul><li>Taller Discapacidad Visual \u201cY tu \u00bfC\u00f3mo ves?\u201d<br \/><u>Prop\u00f3sito:<\/u>\u00a0Fortalecer las pr\u00e1cticas educativas del personal docente que atiende a alumnos con discapacidad visual, a trav\u00e9s de la revisi\u00f3n de bibliograf\u00eda espec\u00edfica para la eliminaci\u00f3n de las Barreras para el Aprendizaje y la participaci\u00f3n a las que se enfrentan los ni\u00f1os con ceguera y baja visi\u00f3n.\u00a0<\/li><\/ul><ul><li>Taller Discapacidad Intelectual \u201cMi alumno(a) piensa diferente\u201d<br \/><u>Prop\u00f3sito:<\/u>\u00a0Que el personal docente conozca las caracter\u00edsticas de los alumnos con Discapacidad Intelectual (D.I.), para su adecuada atenci\u00f3n por medio de la aplicaci\u00f3n de estrategias diversificadas en el aula regular y especial.<\/li><\/ul><ul><li>Taller Trastorno del Espectro Autista \u201cAtenci\u00f3n educativa para ni\u00f1os, ni\u00f1as y adolescentes que presentan Trastorno del Espectro Autista\u201d<br \/><u>Prop\u00f3sito:<\/u>\u00a0Coadyuvar en la creaci\u00f3n e implementaci\u00f3n de propuestas educativas a favor de todos los educandos y para el caso particular de ni\u00f1as, ni\u00f1os, adolescentes y j\u00f3venes que presentan la Condici\u00f3n del Espectro Autista y Asperger, en la atenci\u00f3n adecuada de sus necesidades educativas y de inclusi\u00f3n laboral, generando ambientes inclusivos.<\/li><\/ul><p><strong>\u00a0\u2013\u00a0<\/strong><strong>DIRECTIVOS<\/strong><\/p><p>\u00a0<\/p><ul><li>Taller a Directivos<br \/><u>Prop\u00f3sito:<\/u>\u00a0Generar en el directivo un liderazgo eficaz, as\u00ed como competencias cognitivas y socioafectivas para la eficacia escolar.<\/li><\/ul><p><strong>-ASESORES (as) T\u00c9CNICO PEDAG\u00d3GICO<\/strong><\/p><ul><li>Taller ATP<br \/><u>Prop\u00f3sito:\u00a0<\/u>Favorecer las pr\u00e1cticas educativas de los docentes a trav\u00e9s de la actualizaci\u00f3n y acompa\u00f1amiento acad\u00e9mico de los ATP para la implementaci\u00f3n de estrategias diversificadas en la atenci\u00f3n a la diversidad.<\/li><\/ul>\t\t\t\t\t\t<\/div>\n\t\t\t\t<\/div>\n\t\t\t\t\t<\/div>\n\t\t<\/div>\n\t\t\t\t\t\t\t<\/div>\n\t\t<\/section>\n\t\t\t\t\t<\/div>\n\t\t<\/div>\n\t\t\t\t\t\t\t<\/div>\n\t\t<\/section>\n\t\t\t\t\t\t\t<\/div>\n\t\t","protected":false},"excerpt":{"rendered":"<p>-DOCENTES Taller de lengua de se\u00f1as mexicanas \u201cEn se\u00f1as me ense\u00f1as\u201dProp\u00f3sito:\u00a0Que el participante desarrolle la habilidad de comunicaci\u00f3n en Lengua de Se\u00f1as Mexicana, en situaciones de la vida cotidiana y relacionadas a la escuela, cubriendo las habilidades de; escucha visual o comprensi\u00f3n signada, Intervenci\u00f3n en una conversaci\u00f3n, expresi\u00f3n de manera fluida, realizaci\u00f3n de una grabaci\u00f3n, &hellip;<\/p>\n<p class=\"read-more\"> <a class=\"\" href=\"https:\/\/apprende.jalisco.gob.mx\/direccion-educacion-especial\/capacitacion-y-actualizacion-a-los-docentes-en-las-diferentes-areas\/\"> <span class=\"screen-reader-text\">Capacitaci\u00f3n y actualizaci\u00f3n a los docentes en las diferentes \u00e1reas<\/span> Leer m\u00e1s &raquo;<\/a><\/p>\n","protected":false},"author":1,"featured_media":0,"parent":0,"menu_order":0,"comment_status":"closed","ping_status":"closed","template":"","meta":{"_monsterinsights_skip_tracking":false,"_monsterinsights_sitenote_active":false,"_monsterinsights_sitenote_note":"","_monsterinsights_sitenote_category":0,"site-sidebar-layout":"no-sidebar","site-content-layout":"page-builder","ast-site-content-layout":"","site-content-style":"default","site-sidebar-style":"default","ast-global-header-display":"","ast-banner-title-visibility":"","ast-main-header-display":"","ast-hfb-above-header-display":"","ast-hfb-below-header-display":"","ast-hfb-mobile-header-display":"","site-post-title":"disabled","ast-breadcrumbs-content":"","ast-featured-img":"disabled","footer-sml-layout":"","theme-transparent-header-meta":"default","adv-header-id-meta":"","stick-header-meta":"default","header-above-stick-meta":"","header-main-stick-meta":"","header-below-stick-meta":"","astra-migrate-meta-layouts":"","ep_exclude_from_search":false,"footnotes":""},"acf":[],"yoast_head":"<!-- This site is optimized with the Yoast SEO Premium plugin v17.7 (Yoast SEO v21.0) - https:\/\/yoast.com\/wordpress\/plugins\/seo\/ -->\n<title>Capacitaci\u00f3n y actualizaci\u00f3n a los docentes en las diferentes \u00e1reas - Direcci\u00f3n de Educaci\u00f3n Especial<\/title>\n<meta name=\"robots\" content=\"index, follow, max-snippet:-1, max-image-preview:large, max-video-preview:-1\" \/>\n<link rel=\"canonical\" href=\"https:\/\/apprende.jalisco.gob.mx\/direccion-educacion-especial\/capacitacion-y-actualizacion-a-los-docentes-en-las-diferentes-areas\/\" \/>\n<meta property=\"og:locale\" content=\"es_MX\" \/>\n<meta property=\"og:type\" content=\"article\" \/>\n<meta property=\"og:title\" content=\"Capacitaci\u00f3n y actualizaci\u00f3n a los docentes en las diferentes \u00e1reas\" \/>\n<meta property=\"og:description\" content=\"-DOCENTES Taller de lengua de se\u00f1as mexicanas \u201cEn se\u00f1as me ense\u00f1as\u201dProp\u00f3sito:\u00a0Que el participante desarrolle la habilidad de comunicaci\u00f3n en Lengua de Se\u00f1as Mexicana, en situaciones de la vida cotidiana y relacionadas a la escuela, cubriendo las habilidades de; escucha visual o comprensi\u00f3n signada, Intervenci\u00f3n en una conversaci\u00f3n, expresi\u00f3n de manera fluida, realizaci\u00f3n de una grabaci\u00f3n, &hellip; Capacitaci\u00f3n y actualizaci\u00f3n a los docentes en las diferentes \u00e1reas Leer m\u00e1s &raquo;\" \/>\n<meta property=\"og:url\" content=\"https:\/\/apprende.jalisco.gob.mx\/direccion-educacion-especial\/capacitacion-y-actualizacion-a-los-docentes-en-las-diferentes-areas\/\" \/>\n<meta property=\"og:site_name\" content=\"Direcci\u00f3n de Educaci\u00f3n Especial\" \/>\n<meta property=\"article:modified_time\" content=\"2022-10-07T22:08:14+00:00\" \/>\n<meta name=\"twitter:card\" content=\"summary_large_image\" \/>\n<meta name=\"twitter:label1\" content=\"Tiempo de lectura\" \/>\n\t<meta name=\"twitter:data1\" content=\"2 minutos\" \/>\n<script type=\"application\/ld+json\" class=\"yoast-schema-graph\">{\"@context\":\"https:\/\/schema.org\",\"@graph\":[{\"@type\":\"WebPage\",\"@id\":\"https:\/\/apprende.jalisco.gob.mx\/direccion-educacion-especial\/capacitacion-y-actualizacion-a-los-docentes-en-las-diferentes-areas\/\",\"url\":\"https:\/\/apprende.jalisco.gob.mx\/direccion-educacion-especial\/capacitacion-y-actualizacion-a-los-docentes-en-las-diferentes-areas\/\",\"name\":\"Capacitaci\u00f3n y actualizaci\u00f3n a los docentes en las diferentes \u00e1reas - Direcci\u00f3n de Educaci\u00f3n Especial\",\"isPartOf\":{\"@id\":\"https:\/\/apprende.jalisco.gob.mx\/direccion-educacion-especial\/#website\"},\"datePublished\":\"2022-10-07T22:07:36+00:00\",\"dateModified\":\"2022-10-07T22:08:14+00:00\",\"breadcrumb\":{\"@id\":\"https:\/\/apprende.jalisco.gob.mx\/direccion-educacion-especial\/capacitacion-y-actualizacion-a-los-docentes-en-las-diferentes-areas\/#breadcrumb\"},\"inLanguage\":\"es-MX\",\"potentialAction\":[{\"@type\":\"ReadAction\",\"target\":[\"https:\/\/apprende.jalisco.gob.mx\/direccion-educacion-especial\/capacitacion-y-actualizacion-a-los-docentes-en-las-diferentes-areas\/\"]}]},{\"@type\":\"BreadcrumbList\",\"@id\":\"https:\/\/apprende.jalisco.gob.mx\/direccion-educacion-especial\/capacitacion-y-actualizacion-a-los-docentes-en-las-diferentes-areas\/#breadcrumb\",\"itemListElement\":[{\"@type\":\"ListItem\",\"position\":1,\"name\":\"Inicio\",\"item\":\"https:\/\/apprende.jalisco.gob.mx\/direccion-educacion-especial\/\"},{\"@type\":\"ListItem\",\"position\":2,\"name\":\"Capacitaci\u00f3n y actualizaci\u00f3n a los docentes en las diferentes \u00e1reas\"}]},{\"@type\":\"WebSite\",\"@id\":\"https:\/\/apprende.jalisco.gob.mx\/direccion-educacion-especial\/#website\",\"url\":\"https:\/\/apprende.jalisco.gob.mx\/direccion-educacion-especial\/\",\"name\":\"Direcci\u00f3n de Educaci\u00f3n Especial\",\"description\":\"Micrositio\",\"publisher\":{\"@id\":\"https:\/\/apprende.jalisco.gob.mx\/direccion-educacion-especial\/#organization\"},\"potentialAction\":[{\"@type\":\"SearchAction\",\"target\":{\"@type\":\"EntryPoint\",\"urlTemplate\":\"https:\/\/apprende.jalisco.gob.mx\/direccion-educacion-especial\/?s={search_term_string}\"},\"query-input\":\"required name=search_term_string\"}],\"inLanguage\":\"es-MX\"},{\"@type\":\"Organization\",\"@id\":\"https:\/\/apprende.jalisco.gob.mx\/direccion-educacion-especial\/#organization\",\"name\":\"Direcci\u00f3n de Educaci\u00f3n Especial\",\"url\":\"https:\/\/apprende.jalisco.gob.mx\/direccion-educacion-especial\/\",\"logo\":{\"@type\":\"ImageObject\",\"inLanguage\":\"es-MX\",\"@id\":\"https:\/\/apprende.jalisco.gob.mx\/direccion-educacion-especial\/#\/schema\/logo\/image\/\",\"url\":\"https:\/\/apprende.jalisco.gob.mx\/direccion-educacion-especial\/wp-content\/uploads\/sites\/7\/2022\/03\/logo-Educacion2025.png\",\"contentUrl\":\"https:\/\/apprende.jalisco.gob.mx\/direccion-educacion-especial\/wp-content\/uploads\/sites\/7\/2022\/03\/logo-Educacion2025.png\",\"width\":427,\"height\":108,\"caption\":\"Direcci\u00f3n de Educaci\u00f3n Especial\"},\"image\":{\"@id\":\"https:\/\/apprende.jalisco.gob.mx\/direccion-educacion-especial\/#\/schema\/logo\/image\/\"}}]}<\/script>\n<!-- \/ Yoast SEO Premium plugin. -->","yoast_head_json":{"title":"Capacitaci\u00f3n y actualizaci\u00f3n a los docentes en las diferentes \u00e1reas - Direcci\u00f3n de Educaci\u00f3n Especial","robots":{"index":"index","follow":"follow","max-snippet":"max-snippet:-1","max-image-preview":"max-image-preview:large","max-video-preview":"max-video-preview:-1"},"canonical":"https:\/\/apprende.jalisco.gob.mx\/direccion-educacion-especial\/capacitacion-y-actualizacion-a-los-docentes-en-las-diferentes-areas\/","og_locale":"es_MX","og_type":"article","og_title":"Capacitaci\u00f3n y actualizaci\u00f3n a los docentes en las diferentes \u00e1reas","og_description":"-DOCENTES Taller de lengua de se\u00f1as mexicanas \u201cEn se\u00f1as me ense\u00f1as\u201dProp\u00f3sito:\u00a0Que el participante desarrolle la habilidad de comunicaci\u00f3n en Lengua de Se\u00f1as Mexicana, en situaciones de la vida cotidiana y relacionadas a la escuela, cubriendo las habilidades de; escucha visual o comprensi\u00f3n signada, Intervenci\u00f3n en una conversaci\u00f3n, expresi\u00f3n de manera fluida, realizaci\u00f3n de una grabaci\u00f3n, &hellip; Capacitaci\u00f3n y actualizaci\u00f3n a los docentes en las diferentes \u00e1reas Leer m\u00e1s &raquo;","og_url":"https:\/\/apprende.jalisco.gob.mx\/direccion-educacion-especial\/capacitacion-y-actualizacion-a-los-docentes-en-las-diferentes-areas\/","og_site_name":"Direcci\u00f3n de Educaci\u00f3n Especial","article_modified_time":"2022-10-07T22:08:14+00:00","twitter_card":"summary_large_image","twitter_misc":{"Tiempo de lectura":"2 minutos"},"schema":{"@context":"https:\/\/schema.org","@graph":[{"@type":"WebPage","@id":"https:\/\/apprende.jalisco.gob.mx\/direccion-educacion-especial\/capacitacion-y-actualizacion-a-los-docentes-en-las-diferentes-areas\/","url":"https:\/\/apprende.jalisco.gob.mx\/direccion-educacion-especial\/capacitacion-y-actualizacion-a-los-docentes-en-las-diferentes-areas\/","name":"Capacitaci\u00f3n y actualizaci\u00f3n a los docentes en las diferentes \u00e1reas - Direcci\u00f3n de Educaci\u00f3n Especial","isPartOf":{"@id":"https:\/\/apprende.jalisco.gob.mx\/direccion-educacion-especial\/#website"},"datePublished":"2022-10-07T22:07:36+00:00","dateModified":"2022-10-07T22:08:14+00:00","breadcrumb":{"@id":"https:\/\/apprende.jalisco.gob.mx\/direccion-educacion-especial\/capacitacion-y-actualizacion-a-los-docentes-en-las-diferentes-areas\/#breadcrumb"},"inLanguage":"es-MX","potentialAction":[{"@type":"ReadAction","target":["https:\/\/apprende.jalisco.gob.mx\/direccion-educacion-especial\/capacitacion-y-actualizacion-a-los-docentes-en-las-diferentes-areas\/"]}]},{"@type":"BreadcrumbList","@id":"https:\/\/apprende.jalisco.gob.mx\/direccion-educacion-especial\/capacitacion-y-actualizacion-a-los-docentes-en-las-diferentes-areas\/#breadcrumb","itemListElement":[{"@type":"ListItem","position":1,"name":"Inicio","item":"https:\/\/apprende.jalisco.gob.mx\/direccion-educacion-especial\/"},{"@type":"ListItem","position":2,"name":"Capacitaci\u00f3n y actualizaci\u00f3n a los docentes en las diferentes \u00e1reas"}]},{"@type":"WebSite","@id":"https:\/\/apprende.jalisco.gob.mx\/direccion-educacion-especial\/#website","url":"https:\/\/apprende.jalisco.gob.mx\/direccion-educacion-especial\/","name":"Direcci\u00f3n de Educaci\u00f3n Especial","description":"Micrositio","publisher":{"@id":"https:\/\/apprende.jalisco.gob.mx\/direccion-educacion-especial\/#organization"},"potentialAction":[{"@type":"SearchAction","target":{"@type":"EntryPoint","urlTemplate":"https:\/\/apprende.jalisco.gob.mx\/direccion-educacion-especial\/?s={search_term_string}"},"query-input":"required name=search_term_string"}],"inLanguage":"es-MX"},{"@type":"Organization","@id":"https:\/\/apprende.jalisco.gob.mx\/direccion-educacion-especial\/#organization","name":"Direcci\u00f3n de Educaci\u00f3n Especial","url":"https:\/\/apprende.jalisco.gob.mx\/direccion-educacion-especial\/","logo":{"@type":"ImageObject","inLanguage":"es-MX","@id":"https:\/\/apprende.jalisco.gob.mx\/direccion-educacion-especial\/#\/schema\/logo\/image\/","url":"https:\/\/apprende.jalisco.gob.mx\/direccion-educacion-especial\/wp-content\/uploads\/sites\/7\/2022\/03\/logo-Educacion2025.png","contentUrl":"https:\/\/apprende.jalisco.gob.mx\/direccion-educacion-especial\/wp-content\/uploads\/sites\/7\/2022\/03\/logo-Educacion2025.png","width":427,"height":108,"caption":"Direcci\u00f3n de Educaci\u00f3n Especial"},"image":{"@id":"https:\/\/apprende.jalisco.gob.mx\/direccion-educacion-especial\/#\/schema\/logo\/image\/"}}]}},"_links":{"self":[{"href":"https:\/\/apprende.jalisco.gob.mx\/direccion-educacion-especial\/wp-json\/wp\/v2\/pages\/3024"}],"collection":[{"href":"https:\/\/apprende.jalisco.gob.mx\/direccion-educacion-especial\/wp-json\/wp\/v2\/pages"}],"about":[{"href":"https:\/\/apprende.jalisco.gob.mx\/direccion-educacion-especial\/wp-json\/wp\/v2\/types\/page"}],"author":[{"embeddable":true,"href":"https:\/\/apprende.jalisco.gob.mx\/direccion-educacion-especial\/wp-json\/wp\/v2\/users\/1"}],"replies":[{"embeddable":true,"href":"https:\/\/apprende.jalisco.gob.mx\/direccion-educacion-especial\/wp-json\/wp\/v2\/comments?post=3024"}],"version-history":[{"count":4,"href":"https:\/\/apprende.jalisco.gob.mx\/direccion-educacion-especial\/wp-json\/wp\/v2\/pages\/3024\/revisions"}],"predecessor-version":[{"id":3029,"href":"https:\/\/apprende.jalisco.gob.mx\/direccion-educacion-especial\/wp-json\/wp\/v2\/pages\/3024\/revisions\/3029"}],"wp:attachment":[{"href":"https:\/\/apprende.jalisco.gob.mx\/direccion-educacion-especial\/wp-json\/wp\/v2\/media?parent=3024"}],"curies":[{"name":"wp","href":"https:\/\/api.w.org\/{rel}","templated":true}]}}