{"id":3359,"date":"2023-02-24T15:05:13","date_gmt":"2023-02-24T21:05:13","guid":{"rendered":"https:\/\/recrea.jalisco.gob.mx\/direccion-formacion-padres-familia\/?page_id=3359"},"modified":"2025-01-29T08:40:42","modified_gmt":"2025-01-29T14:40:42","slug":"tramites-2","status":"publish","type":"page","link":"https:\/\/apprende.jalisco.gob.mx\/direccion-formacion-padres-familia\/tramites-2\/","title":{"rendered":"Tr\u00e1mites"},"content":{"rendered":"\t\t<div data-elementor-type=\"wp-page\" data-elementor-id=\"3359\" class=\"elementor elementor-3359\" data-elementor-post-type=\"page\">\n\t\t\t\t\t\t\t\t\t<section class=\"elementor-section elementor-top-section elementor-element elementor-element-d13cf46 elementor-section-boxed elementor-section-height-default elementor-section-height-default\" data-id=\"d13cf46\" data-element_type=\"section\" data-settings=\"{&quot;ekit_has_onepagescroll_dot&quot;:&quot;yes&quot;}\">\n\t\t\t\t\t\t<div class=\"elementor-container elementor-column-gap-default\">\n\t\t\t\t\t<div class=\"elementor-column elementor-col-100 elementor-top-column elementor-element elementor-element-bd4723b\" data-id=\"bd4723b\" data-element_type=\"column\">\n\t\t\t<div class=\"elementor-widget-wrap elementor-element-populated\">\n\t\t\t\t\t\t\t\t<div class=\"elementor-element elementor-element-b91847d elementor-widget elementor-widget-heading\" data-id=\"b91847d\" data-element_type=\"widget\" data-settings=\"{&quot;ekit_we_effect_on&quot;:&quot;none&quot;}\" data-widget_type=\"heading.default\">\n\t\t\t\t<div class=\"elementor-widget-container\">\n\t\t\t<h2 class=\"elementor-heading-title elementor-size-default\">Tr\u00e1mites<\/h2>\t\t<\/div>\n\t\t\t\t<\/div>\n\t\t\t\t<section class=\"elementor-section elementor-inner-section elementor-element elementor-element-35618cc elementor-section-boxed elementor-section-height-default elementor-section-height-default\" data-id=\"35618cc\" data-element_type=\"section\" data-settings=\"{&quot;ekit_has_onepagescroll_dot&quot;:&quot;yes&quot;}\">\n\t\t\t\t\t\t<div class=\"elementor-container elementor-column-gap-default\">\n\t\t\t\t\t<div class=\"elementor-column elementor-col-100 elementor-inner-column elementor-element elementor-element-20eb42b\" data-id=\"20eb42b\" data-element_type=\"column\">\n\t\t\t<div class=\"elementor-widget-wrap elementor-element-populated\">\n\t\t\t\t\t\t\t\t<div class=\"elementor-element elementor-element-7765a8c elementor-widget elementor-widget-heading\" data-id=\"7765a8c\" data-element_type=\"widget\" data-settings=\"{&quot;ekit_we_effect_on&quot;:&quot;none&quot;}\" data-widget_type=\"heading.default\">\n\t\t\t\t<div class=\"elementor-widget-container\">\n\t\t\t<h5 class=\"elementor-heading-title elementor-size-default\">Solicitud de capacitaci\u00f3n\u200b<\/h5>\t\t<\/div>\n\t\t\t\t<\/div>\n\t\t\t\t<div class=\"elementor-element elementor-element-7391bb8 elementor-widget elementor-widget-text-editor\" data-id=\"7391bb8\" data-element_type=\"widget\" data-settings=\"{&quot;ekit_we_effect_on&quot;:&quot;none&quot;}\" data-widget_type=\"text-editor.default\">\n\t\t\t\t<div class=\"elementor-widget-container\">\n\t\t\t\t\t\t\t<p>Solicitar la capacitaci\u00f3n de manera presencial a la Direcci\u00f3n de Formaci\u00f3n a Padres de Familia\u00a0 a trav\u00e9s del correo: formacionapadresdefamilia.sej@jalisco.gob.mx\u00a0\u200b<\/p>\t\t\t\t\t\t<\/div>\n\t\t\t\t<\/div>\n\t\t\t\t\t<\/div>\n\t\t<\/div>\n\t\t\t\t\t\t\t<\/div>\n\t\t<\/section>\n\t\t\t\t<div class=\"elementor-element elementor-element-d4fee95 elementor-widget elementor-widget-spacer\" data-id=\"d4fee95\" data-element_type=\"widget\" data-settings=\"{&quot;ekit_we_effect_on&quot;:&quot;none&quot;}\" data-widget_type=\"spacer.default\">\n\t\t\t\t<div class=\"elementor-widget-container\">\n\t\t\t\t\t<div class=\"elementor-spacer\">\n\t\t\t<div class=\"elementor-spacer-inner\"><\/div>\n\t\t<\/div>\n\t\t\t\t<\/div>\n\t\t\t\t<\/div>\n\t\t\t\t\t<\/div>\n\t\t<\/div>\n\t\t\t\t\t\t\t<\/div>\n\t\t<\/section>\n\t\t\t\t<section class=\"elementor-section elementor-top-section elementor-element elementor-element-e5f9415 elementor-section-boxed elementor-section-height-default elementor-section-height-default\" data-id=\"e5f9415\" data-element_type=\"section\" data-settings=\"{&quot;ekit_has_onepagescroll_dot&quot;:&quot;yes&quot;}\">\n\t\t\t\t\t\t<div class=\"elementor-container elementor-column-gap-default\">\n\t\t\t\t\t<div class=\"elementor-column elementor-col-100 elementor-top-column elementor-element elementor-element-6b8ab9e\" data-id=\"6b8ab9e\" data-element_type=\"column\">\n\t\t\t<div class=\"elementor-widget-wrap\">\n\t\t\t\t\t\t\t\t\t<\/div>\n\t\t<\/div>\n\t\t\t\t\t\t\t<\/div>\n\t\t<\/section>\n\t\t\t\t\t\t\t<\/div>\n\t\t","protected":false},"excerpt":{"rendered":"<p>Tr\u00e1mites Solicitud de capacitaci\u00f3n\u200b Solicitar la capacitaci\u00f3n de manera presencial a la Direcci\u00f3n de Formaci\u00f3n a Padres de Familia\u00a0 a trav\u00e9s del correo: formacionapadresdefamilia.sej@jalisco.gob.mx\u00a0\u200b<\/p>\n","protected":false},"author":8,"featured_media":0,"parent":0,"menu_order":0,"comment_status":"closed","ping_status":"closed","template":"","meta":{"_monsterinsights_skip_tracking":false,"_monsterinsights_sitenote_active":false,"_monsterinsights_sitenote_note":"","_monsterinsights_sitenote_category":0,"site-sidebar-layout":"no-sidebar","site-content-layout":"page-builder","ast-site-content-layout":"","site-content-style":"default","site-sidebar-style":"default","ast-global-header-display":"","ast-banner-title-visibility":"","ast-main-header-display":"","ast-hfb-above-header-display":"","ast-hfb-below-header-display":"","ast-hfb-mobile-header-display":"","site-post-title":"disabled","ast-breadcrumbs-content":"","ast-featured-img":"disabled","footer-sml-layout":"","theme-transparent-header-meta":"default","adv-header-id-meta":"","stick-header-meta":"default","header-above-stick-meta":"","header-main-stick-meta":"","header-below-stick-meta":"","astra-migrate-meta-layouts":"","ep_exclude_from_search":false,"footnotes":""},"acf":[],"yoast_head":"<!-- This site is optimized with the Yoast SEO Premium plugin v17.7 (Yoast SEO v21.0) - https:\/\/yoast.com\/wordpress\/plugins\/seo\/ -->\n<title>Tr\u00e1mites - Direcci\u00f3n de Formaci\u00f3n a Padres de Familia<\/title>\n<meta name=\"robots\" content=\"index, follow, max-snippet:-1, max-image-preview:large, max-video-preview:-1\" \/>\n<link rel=\"canonical\" href=\"https:\/\/apprende.jalisco.gob.mx\/direccion-formacion-padres-familia\/tramites-2\/\" \/>\n<meta property=\"og:locale\" content=\"es_MX\" \/>\n<meta property=\"og:type\" content=\"article\" \/>\n<meta property=\"og:title\" content=\"Tr\u00e1mites\" \/>\n<meta property=\"og:description\" content=\"Tr\u00e1mites Solicitud de capacitaci\u00f3n\u200b Solicitar la capacitaci\u00f3n de manera presencial a la Direcci\u00f3n de Formaci\u00f3n a Padres de Familia\u00a0 a trav\u00e9s del correo: formacionapadresdefamilia.sej@jalisco.gob.mx\u00a0\u200b\" \/>\n<meta property=\"og:url\" content=\"https:\/\/apprende.jalisco.gob.mx\/direccion-formacion-padres-familia\/tramites-2\/\" \/>\n<meta property=\"og:site_name\" content=\"Direcci\u00f3n de Formaci\u00f3n a Padres de Familia\" \/>\n<meta property=\"article:modified_time\" content=\"2025-01-29T14:40:42+00:00\" \/>\n<meta name=\"twitter:card\" content=\"summary_large_image\" \/>\n<meta name=\"twitter:label1\" content=\"Tiempo de lectura\" \/>\n\t<meta name=\"twitter:data1\" content=\"1 minuto\" \/>\n<script type=\"application\/ld+json\" class=\"yoast-schema-graph\">{\"@context\":\"https:\/\/schema.org\",\"@graph\":[{\"@type\":\"WebPage\",\"@id\":\"https:\/\/apprende.jalisco.gob.mx\/direccion-formacion-padres-familia\/tramites-2\/\",\"url\":\"https:\/\/apprende.jalisco.gob.mx\/direccion-formacion-padres-familia\/tramites-2\/\",\"name\":\"Tr\u00e1mites - Direcci\u00f3n de Formaci\u00f3n a Padres de Familia\",\"isPartOf\":{\"@id\":\"https:\/\/apprende.jalisco.gob.mx\/direccion-formacion-padres-familia\/#website\"},\"datePublished\":\"2023-02-24T21:05:13+00:00\",\"dateModified\":\"2025-01-29T14:40:42+00:00\",\"breadcrumb\":{\"@id\":\"https:\/\/apprende.jalisco.gob.mx\/direccion-formacion-padres-familia\/tramites-2\/#breadcrumb\"},\"inLanguage\":\"es-MX\",\"potentialAction\":[{\"@type\":\"ReadAction\",\"target\":[\"https:\/\/apprende.jalisco.gob.mx\/direccion-formacion-padres-familia\/tramites-2\/\"]}]},{\"@type\":\"BreadcrumbList\",\"@id\":\"https:\/\/apprende.jalisco.gob.mx\/direccion-formacion-padres-familia\/tramites-2\/#breadcrumb\",\"itemListElement\":[{\"@type\":\"ListItem\",\"position\":1,\"name\":\"Inicio\",\"item\":\"https:\/\/apprende.jalisco.gob.mx\/direccion-formacion-padres-familia\/\"},{\"@type\":\"ListItem\",\"position\":2,\"name\":\"Tr\u00e1mites\"}]},{\"@type\":\"WebSite\",\"@id\":\"https:\/\/apprende.jalisco.gob.mx\/direccion-formacion-padres-familia\/#website\",\"url\":\"https:\/\/apprende.jalisco.gob.mx\/direccion-formacion-padres-familia\/\",\"name\":\"Direcci\u00f3n de Formaci\u00f3n a Padres de Familia\",\"description\":\"Micrositio\",\"publisher\":{\"@id\":\"https:\/\/apprende.jalisco.gob.mx\/direccion-formacion-padres-familia\/#organization\"},\"potentialAction\":[{\"@type\":\"SearchAction\",\"target\":{\"@type\":\"EntryPoint\",\"urlTemplate\":\"https:\/\/apprende.jalisco.gob.mx\/direccion-formacion-padres-familia\/?s={search_term_string}\"},\"query-input\":\"required name=search_term_string\"}],\"inLanguage\":\"es-MX\"},{\"@type\":\"Organization\",\"@id\":\"https:\/\/apprende.jalisco.gob.mx\/direccion-formacion-padres-familia\/#organization\",\"name\":\"Direcci\u00f3n de Formaci\u00f3n a Padres de Familia\",\"url\":\"https:\/\/apprende.jalisco.gob.mx\/direccion-formacion-padres-familia\/\",\"logo\":{\"@type\":\"ImageObject\",\"inLanguage\":\"es-MX\",\"@id\":\"https:\/\/apprende.jalisco.gob.mx\/direccion-formacion-padres-familia\/#\/schema\/logo\/image\/\",\"url\":\"https:\/\/apprende.jalisco.gob.mx\/direccion-formacion-padres-familia\/wp-content\/uploads\/sites\/18\/2022\/03\/logo-Educacion2025.png\",\"contentUrl\":\"https:\/\/apprende.jalisco.gob.mx\/direccion-formacion-padres-familia\/wp-content\/uploads\/sites\/18\/2022\/03\/logo-Educacion2025.png\",\"width\":427,\"height\":108,\"caption\":\"Direcci\u00f3n de Formaci\u00f3n a Padres de Familia\"},\"image\":{\"@id\":\"https:\/\/apprende.jalisco.gob.mx\/direccion-formacion-padres-familia\/#\/schema\/logo\/image\/\"}}]}<\/script>\n<!-- \/ Yoast SEO Premium plugin. -->","yoast_head_json":{"title":"Tr\u00e1mites - Direcci\u00f3n de Formaci\u00f3n a Padres de Familia","robots":{"index":"index","follow":"follow","max-snippet":"max-snippet:-1","max-image-preview":"max-image-preview:large","max-video-preview":"max-video-preview:-1"},"canonical":"https:\/\/apprende.jalisco.gob.mx\/direccion-formacion-padres-familia\/tramites-2\/","og_locale":"es_MX","og_type":"article","og_title":"Tr\u00e1mites","og_description":"Tr\u00e1mites Solicitud de capacitaci\u00f3n\u200b Solicitar la capacitaci\u00f3n de manera presencial a la Direcci\u00f3n de Formaci\u00f3n a Padres de Familia\u00a0 a trav\u00e9s del correo: formacionapadresdefamilia.sej@jalisco.gob.mx\u00a0\u200b","og_url":"https:\/\/apprende.jalisco.gob.mx\/direccion-formacion-padres-familia\/tramites-2\/","og_site_name":"Direcci\u00f3n de Formaci\u00f3n a Padres de Familia","article_modified_time":"2025-01-29T14:40:42+00:00","twitter_card":"summary_large_image","twitter_misc":{"Tiempo de lectura":"1 minuto"},"schema":{"@context":"https:\/\/schema.org","@graph":[{"@type":"WebPage","@id":"https:\/\/apprende.jalisco.gob.mx\/direccion-formacion-padres-familia\/tramites-2\/","url":"https:\/\/apprende.jalisco.gob.mx\/direccion-formacion-padres-familia\/tramites-2\/","name":"Tr\u00e1mites - Direcci\u00f3n de Formaci\u00f3n a Padres de Familia","isPartOf":{"@id":"https:\/\/apprende.jalisco.gob.mx\/direccion-formacion-padres-familia\/#website"},"datePublished":"2023-02-24T21:05:13+00:00","dateModified":"2025-01-29T14:40:42+00:00","breadcrumb":{"@id":"https:\/\/apprende.jalisco.gob.mx\/direccion-formacion-padres-familia\/tramites-2\/#breadcrumb"},"inLanguage":"es-MX","potentialAction":[{"@type":"ReadAction","target":["https:\/\/apprende.jalisco.gob.mx\/direccion-formacion-padres-familia\/tramites-2\/"]}]},{"@type":"BreadcrumbList","@id":"https:\/\/apprende.jalisco.gob.mx\/direccion-formacion-padres-familia\/tramites-2\/#breadcrumb","itemListElement":[{"@type":"ListItem","position":1,"name":"Inicio","item":"https:\/\/apprende.jalisco.gob.mx\/direccion-formacion-padres-familia\/"},{"@type":"ListItem","position":2,"name":"Tr\u00e1mites"}]},{"@type":"WebSite","@id":"https:\/\/apprende.jalisco.gob.mx\/direccion-formacion-padres-familia\/#website","url":"https:\/\/apprende.jalisco.gob.mx\/direccion-formacion-padres-familia\/","name":"Direcci\u00f3n de Formaci\u00f3n a Padres de Familia","description":"Micrositio","publisher":{"@id":"https:\/\/apprende.jalisco.gob.mx\/direccion-formacion-padres-familia\/#organization"},"potentialAction":[{"@type":"SearchAction","target":{"@type":"EntryPoint","urlTemplate":"https:\/\/apprende.jalisco.gob.mx\/direccion-formacion-padres-familia\/?s={search_term_string}"},"query-input":"required name=search_term_string"}],"inLanguage":"es-MX"},{"@type":"Organization","@id":"https:\/\/apprende.jalisco.gob.mx\/direccion-formacion-padres-familia\/#organization","name":"Direcci\u00f3n de Formaci\u00f3n a Padres de Familia","url":"https:\/\/apprende.jalisco.gob.mx\/direccion-formacion-padres-familia\/","logo":{"@type":"ImageObject","inLanguage":"es-MX","@id":"https:\/\/apprende.jalisco.gob.mx\/direccion-formacion-padres-familia\/#\/schema\/logo\/image\/","url":"https:\/\/apprende.jalisco.gob.mx\/direccion-formacion-padres-familia\/wp-content\/uploads\/sites\/18\/2022\/03\/logo-Educacion2025.png","contentUrl":"https:\/\/apprende.jalisco.gob.mx\/direccion-formacion-padres-familia\/wp-content\/uploads\/sites\/18\/2022\/03\/logo-Educacion2025.png","width":427,"height":108,"caption":"Direcci\u00f3n de Formaci\u00f3n a Padres de Familia"},"image":{"@id":"https:\/\/apprende.jalisco.gob.mx\/direccion-formacion-padres-familia\/#\/schema\/logo\/image\/"}}]}},"_links":{"self":[{"href":"https:\/\/apprende.jalisco.gob.mx\/direccion-formacion-padres-familia\/wp-json\/wp\/v2\/pages\/3359"}],"collection":[{"href":"https:\/\/apprende.jalisco.gob.mx\/direccion-formacion-padres-familia\/wp-json\/wp\/v2\/pages"}],"about":[{"href":"https:\/\/apprende.jalisco.gob.mx\/direccion-formacion-padres-familia\/wp-json\/wp\/v2\/types\/page"}],"author":[{"embeddable":true,"href":"https:\/\/apprende.jalisco.gob.mx\/direccion-formacion-padres-familia\/wp-json\/wp\/v2\/users\/8"}],"replies":[{"embeddable":true,"href":"https:\/\/apprende.jalisco.gob.mx\/direccion-formacion-padres-familia\/wp-json\/wp\/v2\/comments?post=3359"}],"version-history":[{"count":19,"href":"https:\/\/apprende.jalisco.gob.mx\/direccion-formacion-padres-familia\/wp-json\/wp\/v2\/pages\/3359\/revisions"}],"predecessor-version":[{"id":3424,"href":"https:\/\/apprende.jalisco.gob.mx\/direccion-formacion-padres-familia\/wp-json\/wp\/v2\/pages\/3359\/revisions\/3424"}],"wp:attachment":[{"href":"https:\/\/apprende.jalisco.gob.mx\/direccion-formacion-padres-familia\/wp-json\/wp\/v2\/media?parent=3359"}],"curies":[{"name":"wp","href":"https:\/\/api.w.org\/{rel}","templated":true}]}}