{"id":2983,"date":"2022-10-31T11:55:53","date_gmt":"2022-10-31T17:55:53","guid":{"rendered":"https:\/\/recrea.jalisco.gob.mx\/familia\/?page_id=2983"},"modified":"2022-11-01T21:39:41","modified_gmt":"2022-11-02T03:39:41","slug":"aliados-estrategicos","status":"publish","type":"page","link":"https:\/\/apprende.jalisco.gob.mx\/familia\/aliados-estrategicos\/","title":{"rendered":"Aliados Estrat\u00e9gicos"},"content":{"rendered":"\t\t<div data-elementor-type=\"wp-page\" data-elementor-id=\"2983\" class=\"elementor elementor-2983\" data-elementor-post-type=\"page\">\n\t\t\t\t\t\t\t\t\t<section class=\"elementor-section elementor-top-section elementor-element elementor-element-2496b07 elementor-section-full_width elementor-section-height-min-height elementor-section-height-default elementor-section-items-middle\" data-id=\"2496b07\" data-element_type=\"section\" data-settings=\"{&quot;background_background&quot;:&quot;classic&quot;,&quot;ekit_has_onepagescroll_dot&quot;:&quot;yes&quot;}\">\n\t\t\t\t\t\t<div class=\"elementor-container elementor-column-gap-default\">\n\t\t\t\t\t<div class=\"elementor-column elementor-col-100 elementor-top-column elementor-element elementor-element-abc373b\" data-id=\"abc373b\" data-element_type=\"column\">\n\t\t\t<div class=\"elementor-widget-wrap\">\n\t\t\t\t\t\t\t\t\t<\/div>\n\t\t<\/div>\n\t\t\t\t\t\t\t<\/div>\n\t\t<\/section>\n\t\t\t\t<section class=\"elementor-section elementor-top-section elementor-element elementor-element-ddfb6fd elementor-section-boxed elementor-section-height-default elementor-section-height-default\" data-id=\"ddfb6fd\" data-element_type=\"section\" data-settings=\"{&quot;ekit_has_onepagescroll_dot&quot;:&quot;yes&quot;}\">\n\t\t\t\t\t\t<div class=\"elementor-container elementor-column-gap-default\">\n\t\t\t\t\t<div class=\"elementor-column elementor-col-100 elementor-top-column elementor-element elementor-element-b5fef51\" data-id=\"b5fef51\" data-element_type=\"column\">\n\t\t\t<div class=\"elementor-widget-wrap elementor-element-populated\">\n\t\t\t\t\t\t\t\t<div class=\"elementor-element elementor-element-7c6b08c elementor-widget elementor-widget-breadcrumbs\" data-id=\"7c6b08c\" data-element_type=\"widget\" data-settings=\"{&quot;ekit_we_effect_on&quot;:&quot;none&quot;}\" data-widget_type=\"breadcrumbs.default\">\n\t\t\t\t<div class=\"elementor-widget-container\">\n\t\t\t<div id=\"breadcrumbs\"><span><span><a href=\"https:\/\/apprende.jalisco.gob.mx\/familia\/\">Inicio<\/a><\/span><\/span><\/div>\t\t<\/div>\n\t\t\t\t<\/div>\n\t\t\t\t\t<\/div>\n\t\t<\/div>\n\t\t\t\t\t\t\t<\/div>\n\t\t<\/section>\n\t\t\t\t<section class=\"elementor-section elementor-top-section elementor-element elementor-element-139a511 elementor-section-boxed elementor-section-height-default elementor-section-height-default\" data-id=\"139a511\" data-element_type=\"section\" data-settings=\"{&quot;ekit_has_onepagescroll_dot&quot;:&quot;yes&quot;}\">\n\t\t\t\t\t\t<div class=\"elementor-container elementor-column-gap-default\">\n\t\t\t\t\t<div class=\"elementor-column elementor-col-50 elementor-top-column elementor-element elementor-element-d3f8074\" data-id=\"d3f8074\" data-element_type=\"column\">\n\t\t\t<div class=\"elementor-widget-wrap elementor-element-populated\">\n\t\t\t\t\t\t\t\t<div class=\"elementor-element elementor-element-b4e5259 elementor-widget elementor-widget-heading\" data-id=\"b4e5259\" data-element_type=\"widget\" data-settings=\"{&quot;ekit_we_effect_on&quot;:&quot;none&quot;}\" data-widget_type=\"heading.default\">\n\t\t\t\t<div class=\"elementor-widget-container\">\n\t\t\t<h2 class=\"elementor-heading-title elementor-size-default\">Aliados Estrat\u00e9gicos<\/h2>\t\t<\/div>\n\t\t\t\t<\/div>\n\t\t\t\t<div class=\"elementor-element elementor-element-a107d5b elementor-widget elementor-widget-text-editor\" data-id=\"a107d5b\" data-element_type=\"widget\" data-settings=\"{&quot;ekit_we_effect_on&quot;:&quot;none&quot;}\" data-widget_type=\"text-editor.default\">\n\t\t\t\t<div class=\"elementor-widget-container\">\n\t\t\t\t\t\t\t<p>El inter\u00e9s de orientar, capacitar y formar a padres, madres y tutores, no es exclusivo de la Secretar\u00eda de Educaci\u00f3n del Estado de Jalisco; diversos municipios, organismos y asociaciones se han sumado a la loable labor de brindarles mejores y mayores herramientas para la formaci\u00f3n de sus hijas, hijos y pupilos.<\/p><p>Debido a ello, en el modelo de formaci\u00f3n de Recrea Familia se contempla la participaci\u00f3n de estas figuras, a quienes se les denominar\u00e1\u00a0<strong>\u201caliados estrat\u00e9gicos\u201d<\/strong>; ellos, se sumar\u00e1n a la red de colaboradores de la Secretar\u00eda de Educaci\u00f3n brindando capacitaci\u00f3n bajo diversas modalidades previa aprobaci\u00f3n por la Secretar\u00eda y a elecci\u00f3n de las CAV.<\/p><p>Los aliados estrat\u00e9gicos podr\u00e1n participar previo convenio con la Secretar\u00eda de Educaci\u00f3n del Estado de Jalisco y la aprobaci\u00f3n de sus contenidos de estudio por un comit\u00e9 acad\u00e9mico establecido por \u00e9sta; en tanto que la Direcci\u00f3n de Formaci\u00f3n a Padres de Familia tendr\u00e1 el encargo de establecer los mecanismos de monitoreo respecto a la participaci\u00f3n de los aliados estrat\u00e9gicos con la Secretar\u00eda de Educaci\u00f3n.<\/p><p>La participaci\u00f3n de los aliados estrat\u00e9gicos y del colectivo de padres de familia en la formaci\u00f3n de otros padres de familia, ser\u00e1 honor\u00edfico y voluntario con sentido de responsabilidad social y velando siempre por el bien com\u00fan.<\/p><p>Si quieres participar como Aliado Estrat\u00e9gico de la Secretar\u00eda de Educaci\u00f3n, por favor llena el siguiente formulario y adjunta los archivos que se indican:<\/p>\t\t\t\t\t\t<\/div>\n\t\t\t\t<\/div>\n\t\t\t\t\t<\/div>\n\t\t<\/div>\n\t\t\t\t<div class=\"elementor-column elementor-col-50 elementor-top-column elementor-element elementor-element-a80528e\" data-id=\"a80528e\" data-element_type=\"column\">\n\t\t\t<div class=\"elementor-widget-wrap elementor-element-populated\">\n\t\t\t\t\t\t\t\t<div class=\"elementor-element elementor-element-22e21fd elementor-widget elementor-widget-image\" data-id=\"22e21fd\" data-element_type=\"widget\" data-settings=\"{&quot;ekit_we_effect_on&quot;:&quot;none&quot;}\" data-widget_type=\"image.default\">\n\t\t\t\t<div class=\"elementor-widget-container\">\n\t\t\t\t\t\t\t\t\t\t\t\t\t\t\t<img decoding=\"async\" width=\"350\" height=\"350\" src=\"https:\/\/apprende.jalisco.gob.mx\/familia\/wp-content\/uploads\/sites\/35\/2022\/11\/recrea-familia-2020-icono-aliados-est-350-v2.png\" class=\"attachment-large size-large wp-image-3061\" alt=\"\" srcset=\"https:\/\/apprende.jalisco.gob.mx\/familia\/wp-content\/uploads\/sites\/35\/2022\/11\/recrea-familia-2020-icono-aliados-est-350-v2.png 350w, https:\/\/apprende.jalisco.gob.mx\/familia\/wp-content\/uploads\/sites\/35\/2022\/11\/recrea-familia-2020-icono-aliados-est-350-v2-300x300.png 300w, https:\/\/apprende.jalisco.gob.mx\/familia\/wp-content\/uploads\/sites\/35\/2022\/11\/recrea-familia-2020-icono-aliados-est-350-v2-150x150.png 150w\" sizes=\"(max-width: 350px) 100vw, 350px\" \/>\t\t\t\t\t\t\t\t\t\t\t\t\t\t\t<\/div>\n\t\t\t\t<\/div>\n\t\t\t\t<div class=\"elementor-element elementor-element-582a502 elementor-align-center elementor-widget elementor-widget-button\" data-id=\"582a502\" data-element_type=\"widget\" data-settings=\"{&quot;ekit_we_effect_on&quot;:&quot;none&quot;}\" data-widget_type=\"button.default\">\n\t\t\t\t<div class=\"elementor-widget-container\">\n\t\t\t\t\t<div class=\"elementor-button-wrapper\">\n\t\t\t<a class=\"elementor-button elementor-button-link elementor-size-sm\" href=\"https:\/\/forms.gle\/MvtP1uYTWN2NSxLU7\" target=\"_blank\">\n\t\t\t\t\t\t<span class=\"elementor-button-content-wrapper\">\n\t\t\t\t\t\t<span class=\"elementor-button-text\">Ir al formulario<\/span>\n\t\t<\/span>\n\t\t\t\t\t<\/a>\n\t\t<\/div>\n\t\t\t\t<\/div>\n\t\t\t\t<\/div>\n\t\t\t\t\t<\/div>\n\t\t<\/div>\n\t\t\t\t\t\t\t<\/div>\n\t\t<\/section>\n\t\t\t\t\t\t\t<\/div>\n\t\t","protected":false},"excerpt":{"rendered":"<p>El inter\u00e9s de orientar, capacitar y formar a padres, madres y tutores, no es exclusivo de la Secretar\u00eda de Educaci\u00f3n del Estado de Jalisco; diversos municipios, organismos y asociaciones se han sumado a la loable labor de brindarles mejores y mayores herramientas para la formaci\u00f3n de sus hijas, hijos y pupilos. Debido a ello, en &hellip;<\/p>\n<p class=\"read-more\"> <a class=\"\" href=\"https:\/\/apprende.jalisco.gob.mx\/familia\/aliados-estrategicos\/\"> <span class=\"screen-reader-text\">Aliados Estrat\u00e9gicos<\/span> Leer m\u00e1s &raquo;<\/a><\/p>\n","protected":false},"author":1,"featured_media":0,"parent":0,"menu_order":0,"comment_status":"closed","ping_status":"closed","template":"","meta":{"_monsterinsights_skip_tracking":false,"_monsterinsights_sitenote_active":false,"_monsterinsights_sitenote_note":"","_monsterinsights_sitenote_category":0,"site-sidebar-layout":"no-sidebar","site-content-layout":"page-builder","ast-site-content-layout":"","site-content-style":"default","site-sidebar-style":"default","ast-global-header-display":"","ast-banner-title-visibility":"","ast-main-header-display":"","ast-hfb-above-header-display":"","ast-hfb-below-header-display":"","ast-hfb-mobile-header-display":"","site-post-title":"disabled","ast-breadcrumbs-content":"","ast-featured-img":"disabled","footer-sml-layout":"","theme-transparent-header-meta":"default","adv-header-id-meta":"","stick-header-meta":"default","header-above-stick-meta":"","header-main-stick-meta":"","header-below-stick-meta":"","astra-migrate-meta-layouts":"","ep_exclude_from_search":false,"footnotes":""},"acf":[],"yoast_head":"<!-- This site is optimized with the Yoast SEO Premium plugin v17.7 (Yoast SEO v21.0) - https:\/\/yoast.com\/wordpress\/plugins\/seo\/ -->\n<title>Aliados Estrat\u00e9gicos - Familia<\/title>\n<meta name=\"robots\" content=\"index, follow, max-snippet:-1, max-image-preview:large, max-video-preview:-1\" \/>\n<link rel=\"canonical\" href=\"https:\/\/apprende.jalisco.gob.mx\/familia\/aliados-estrategicos\/\" \/>\n<meta property=\"og:locale\" content=\"es_MX\" \/>\n<meta property=\"og:type\" content=\"article\" \/>\n<meta property=\"og:title\" content=\"Aliados Estrat\u00e9gicos\" \/>\n<meta property=\"og:description\" content=\"El inter\u00e9s de orientar, capacitar y formar a padres, madres y tutores, no es exclusivo de la Secretar\u00eda de Educaci\u00f3n del Estado de Jalisco; diversos municipios, organismos y asociaciones se han sumado a la loable labor de brindarles mejores y mayores herramientas para la formaci\u00f3n de sus hijas, hijos y pupilos. Debido a ello, en &hellip; Aliados Estrat\u00e9gicos Leer m\u00e1s &raquo;\" \/>\n<meta property=\"og:url\" content=\"https:\/\/apprende.jalisco.gob.mx\/familia\/aliados-estrategicos\/\" \/>\n<meta property=\"og:site_name\" content=\"Familia\" \/>\n<meta property=\"article:modified_time\" content=\"2022-11-02T03:39:41+00:00\" \/>\n<meta property=\"og:image\" content=\"https:\/\/recrea.jalisco.gob.mx\/familia\/wp-content\/uploads\/sites\/35\/2022\/11\/recrea-familia-2020-icono-aliados-est-350-v2.png\" \/>\n<meta name=\"twitter:card\" content=\"summary_large_image\" \/>\n<meta name=\"twitter:label1\" content=\"Tiempo de lectura\" \/>\n\t<meta name=\"twitter:data1\" content=\"2 minutos\" \/>\n<script type=\"application\/ld+json\" class=\"yoast-schema-graph\">{\"@context\":\"https:\/\/schema.org\",\"@graph\":[{\"@type\":\"WebPage\",\"@id\":\"https:\/\/apprende.jalisco.gob.mx\/familia\/aliados-estrategicos\/\",\"url\":\"https:\/\/apprende.jalisco.gob.mx\/familia\/aliados-estrategicos\/\",\"name\":\"Aliados Estrat\u00e9gicos - Familia\",\"isPartOf\":{\"@id\":\"https:\/\/apprende.jalisco.gob.mx\/familia\/#website\"},\"datePublished\":\"2022-10-31T17:55:53+00:00\",\"dateModified\":\"2022-11-02T03:39:41+00:00\",\"breadcrumb\":{\"@id\":\"https:\/\/apprende.jalisco.gob.mx\/familia\/aliados-estrategicos\/#breadcrumb\"},\"inLanguage\":\"es-MX\",\"potentialAction\":[{\"@type\":\"ReadAction\",\"target\":[\"https:\/\/apprende.jalisco.gob.mx\/familia\/aliados-estrategicos\/\"]}]},{\"@type\":\"BreadcrumbList\",\"@id\":\"https:\/\/apprende.jalisco.gob.mx\/familia\/aliados-estrategicos\/#breadcrumb\",\"itemListElement\":[{\"@type\":\"ListItem\",\"position\":1,\"name\":\"Inicio\",\"item\":\"https:\/\/apprende.jalisco.gob.mx\/familia\/\"},{\"@type\":\"ListItem\",\"position\":2,\"name\":\"Aliados Estrat\u00e9gicos\"}]},{\"@type\":\"WebSite\",\"@id\":\"https:\/\/apprende.jalisco.gob.mx\/familia\/#website\",\"url\":\"https:\/\/apprende.jalisco.gob.mx\/familia\/\",\"name\":\"Familia\",\"description\":\"Proyecto Educativo\",\"publisher\":{\"@id\":\"https:\/\/apprende.jalisco.gob.mx\/familia\/#organization\"},\"potentialAction\":[{\"@type\":\"SearchAction\",\"target\":{\"@type\":\"EntryPoint\",\"urlTemplate\":\"https:\/\/apprende.jalisco.gob.mx\/familia\/?s={search_term_string}\"},\"query-input\":\"required name=search_term_string\"}],\"inLanguage\":\"es-MX\"},{\"@type\":\"Organization\",\"@id\":\"https:\/\/apprende.jalisco.gob.mx\/familia\/#organization\",\"name\":\"Familia\",\"url\":\"https:\/\/apprende.jalisco.gob.mx\/familia\/\",\"logo\":{\"@type\":\"ImageObject\",\"inLanguage\":\"es-MX\",\"@id\":\"https:\/\/apprende.jalisco.gob.mx\/familia\/#\/schema\/logo\/image\/\",\"url\":\"https:\/\/apprende.jalisco.gob.mx\/familia\/wp-content\/uploads\/sites\/35\/2022\/03\/logo-Educacion2025.png\",\"contentUrl\":\"https:\/\/apprende.jalisco.gob.mx\/familia\/wp-content\/uploads\/sites\/35\/2022\/03\/logo-Educacion2025.png\",\"width\":427,\"height\":108,\"caption\":\"Familia\"},\"image\":{\"@id\":\"https:\/\/apprende.jalisco.gob.mx\/familia\/#\/schema\/logo\/image\/\"}}]}<\/script>\n<!-- \/ Yoast SEO Premium plugin. -->","yoast_head_json":{"title":"Aliados Estrat\u00e9gicos - Familia","robots":{"index":"index","follow":"follow","max-snippet":"max-snippet:-1","max-image-preview":"max-image-preview:large","max-video-preview":"max-video-preview:-1"},"canonical":"https:\/\/apprende.jalisco.gob.mx\/familia\/aliados-estrategicos\/","og_locale":"es_MX","og_type":"article","og_title":"Aliados Estrat\u00e9gicos","og_description":"El inter\u00e9s de orientar, capacitar y formar a padres, madres y tutores, no es exclusivo de la Secretar\u00eda de Educaci\u00f3n del Estado de Jalisco; diversos municipios, organismos y asociaciones se han sumado a la loable labor de brindarles mejores y mayores herramientas para la formaci\u00f3n de sus hijas, hijos y pupilos. Debido a ello, en &hellip; Aliados Estrat\u00e9gicos Leer m\u00e1s &raquo;","og_url":"https:\/\/apprende.jalisco.gob.mx\/familia\/aliados-estrategicos\/","og_site_name":"Familia","article_modified_time":"2022-11-02T03:39:41+00:00","og_image":[{"url":"https:\/\/recrea.jalisco.gob.mx\/familia\/wp-content\/uploads\/sites\/35\/2022\/11\/recrea-familia-2020-icono-aliados-est-350-v2.png"}],"twitter_card":"summary_large_image","twitter_misc":{"Tiempo de lectura":"2 minutos"},"schema":{"@context":"https:\/\/schema.org","@graph":[{"@type":"WebPage","@id":"https:\/\/apprende.jalisco.gob.mx\/familia\/aliados-estrategicos\/","url":"https:\/\/apprende.jalisco.gob.mx\/familia\/aliados-estrategicos\/","name":"Aliados Estrat\u00e9gicos - Familia","isPartOf":{"@id":"https:\/\/apprende.jalisco.gob.mx\/familia\/#website"},"datePublished":"2022-10-31T17:55:53+00:00","dateModified":"2022-11-02T03:39:41+00:00","breadcrumb":{"@id":"https:\/\/apprende.jalisco.gob.mx\/familia\/aliados-estrategicos\/#breadcrumb"},"inLanguage":"es-MX","potentialAction":[{"@type":"ReadAction","target":["https:\/\/apprende.jalisco.gob.mx\/familia\/aliados-estrategicos\/"]}]},{"@type":"BreadcrumbList","@id":"https:\/\/apprende.jalisco.gob.mx\/familia\/aliados-estrategicos\/#breadcrumb","itemListElement":[{"@type":"ListItem","position":1,"name":"Inicio","item":"https:\/\/apprende.jalisco.gob.mx\/familia\/"},{"@type":"ListItem","position":2,"name":"Aliados Estrat\u00e9gicos"}]},{"@type":"WebSite","@id":"https:\/\/apprende.jalisco.gob.mx\/familia\/#website","url":"https:\/\/apprende.jalisco.gob.mx\/familia\/","name":"Familia","description":"Proyecto Educativo","publisher":{"@id":"https:\/\/apprende.jalisco.gob.mx\/familia\/#organization"},"potentialAction":[{"@type":"SearchAction","target":{"@type":"EntryPoint","urlTemplate":"https:\/\/apprende.jalisco.gob.mx\/familia\/?s={search_term_string}"},"query-input":"required name=search_term_string"}],"inLanguage":"es-MX"},{"@type":"Organization","@id":"https:\/\/apprende.jalisco.gob.mx\/familia\/#organization","name":"Familia","url":"https:\/\/apprende.jalisco.gob.mx\/familia\/","logo":{"@type":"ImageObject","inLanguage":"es-MX","@id":"https:\/\/apprende.jalisco.gob.mx\/familia\/#\/schema\/logo\/image\/","url":"https:\/\/apprende.jalisco.gob.mx\/familia\/wp-content\/uploads\/sites\/35\/2022\/03\/logo-Educacion2025.png","contentUrl":"https:\/\/apprende.jalisco.gob.mx\/familia\/wp-content\/uploads\/sites\/35\/2022\/03\/logo-Educacion2025.png","width":427,"height":108,"caption":"Familia"},"image":{"@id":"https:\/\/apprende.jalisco.gob.mx\/familia\/#\/schema\/logo\/image\/"}}]}},"_links":{"self":[{"href":"https:\/\/apprende.jalisco.gob.mx\/familia\/wp-json\/wp\/v2\/pages\/2983"}],"collection":[{"href":"https:\/\/apprende.jalisco.gob.mx\/familia\/wp-json\/wp\/v2\/pages"}],"about":[{"href":"https:\/\/apprende.jalisco.gob.mx\/familia\/wp-json\/wp\/v2\/types\/page"}],"author":[{"embeddable":true,"href":"https:\/\/apprende.jalisco.gob.mx\/familia\/wp-json\/wp\/v2\/users\/1"}],"replies":[{"embeddable":true,"href":"https:\/\/apprende.jalisco.gob.mx\/familia\/wp-json\/wp\/v2\/comments?post=2983"}],"version-history":[{"count":13,"href":"https:\/\/apprende.jalisco.gob.mx\/familia\/wp-json\/wp\/v2\/pages\/2983\/revisions"}],"predecessor-version":[{"id":3441,"href":"https:\/\/apprende.jalisco.gob.mx\/familia\/wp-json\/wp\/v2\/pages\/2983\/revisions\/3441"}],"wp:attachment":[{"href":"https:\/\/apprende.jalisco.gob.mx\/familia\/wp-json\/wp\/v2\/media?parent=2983"}],"curies":[{"name":"wp","href":"https:\/\/api.w.org\/{rel}","templated":true}]}}