{"id":3462,"date":"2023-02-24T17:28:10","date_gmt":"2023-02-24T23:28:10","guid":{"rendered":"https:\/\/recrea.jalisco.gob.mx\/programa-apoyo-edu-artistica\/?page_id=3462"},"modified":"2023-04-20T14:10:17","modified_gmt":"2023-04-20T20:10:17","slug":"tramites-art","status":"publish","type":"page","link":"https:\/\/apprende.jalisco.gob.mx\/programa-apoyo-edu-artistica\/tramites-art\/","title":{"rendered":"Tr\u00e1mites"},"content":{"rendered":"\t\t<div data-elementor-type=\"wp-page\" data-elementor-id=\"3462\" class=\"elementor elementor-3462\" data-elementor-post-type=\"page\">\n\t\t\t\t\t\t\t\t\t<section class=\"elementor-section elementor-top-section elementor-element elementor-element-90e1ac2 elementor-section-boxed elementor-section-height-default elementor-section-height-default\" data-id=\"90e1ac2\" data-element_type=\"section\" data-settings=\"{&quot;ekit_has_onepagescroll_dot&quot;:&quot;yes&quot;}\">\n\t\t\t\t\t\t<div class=\"elementor-container elementor-column-gap-default\">\n\t\t\t\t\t<div class=\"elementor-column elementor-col-100 elementor-top-column elementor-element elementor-element-e1a6d5c\" data-id=\"e1a6d5c\" data-element_type=\"column\">\n\t\t\t<div class=\"elementor-widget-wrap elementor-element-populated\">\n\t\t\t\t\t\t\t\t<div class=\"elementor-element elementor-element-feb4731 elementor-widget elementor-widget-breadcrumbs\" data-id=\"feb4731\" data-element_type=\"widget\" data-settings=\"{&quot;ekit_we_effect_on&quot;:&quot;none&quot;}\" data-widget_type=\"breadcrumbs.default\">\n\t\t\t\t<div class=\"elementor-widget-container\">\n\t\t\t<div id=\"breadcrumbs\"><span><span><a href=\"https:\/\/apprende.jalisco.gob.mx\/programa-apoyo-edu-artistica\/\">Inicio<\/a><\/span><\/span><\/div>\t\t<\/div>\n\t\t\t\t<\/div>\n\t\t\t\t\t<\/div>\n\t\t<\/div>\n\t\t\t\t\t\t\t<\/div>\n\t\t<\/section>\n\t\t\t\t<section class=\"elementor-section elementor-top-section elementor-element elementor-element-f598b9d elementor-section-boxed elementor-section-height-default elementor-section-height-default\" data-id=\"f598b9d\" data-element_type=\"section\" data-settings=\"{&quot;ekit_has_onepagescroll_dot&quot;:&quot;yes&quot;}\">\n\t\t\t\t\t\t<div class=\"elementor-container elementor-column-gap-default\">\n\t\t\t\t\t<div class=\"elementor-column elementor-col-100 elementor-top-column elementor-element elementor-element-4e47999\" data-id=\"4e47999\" data-element_type=\"column\">\n\t\t\t<div class=\"elementor-widget-wrap elementor-element-populated\">\n\t\t\t\t\t\t\t\t<div class=\"elementor-element elementor-element-19eac19 elementor-widget elementor-widget-heading\" data-id=\"19eac19\" data-element_type=\"widget\" data-settings=\"{&quot;ekit_we_effect_on&quot;:&quot;none&quot;}\" data-widget_type=\"heading.default\">\n\t\t\t\t<div class=\"elementor-widget-container\">\n\t\t\t<h2 class=\"elementor-heading-title elementor-size-default\">Tr\u00e1mites<\/h2>\t\t<\/div>\n\t\t\t\t<\/div>\n\t\t\t\t<section class=\"elementor-section elementor-inner-section elementor-element elementor-element-3a3f935 elementor-section-boxed elementor-section-height-default elementor-section-height-default\" data-id=\"3a3f935\" data-element_type=\"section\" id=\"ajedrez\" data-settings=\"{&quot;ekit_has_onepagescroll_dot&quot;:&quot;yes&quot;}\">\n\t\t\t\t\t\t<div class=\"elementor-container elementor-column-gap-default\">\n\t\t\t\t\t<div class=\"elementor-column elementor-col-100 elementor-inner-column elementor-element elementor-element-53890f7\" data-id=\"53890f7\" data-element_type=\"column\">\n\t\t\t<div class=\"elementor-widget-wrap elementor-element-populated\">\n\t\t\t\t\t\t\t\t<div class=\"elementor-element elementor-element-1991e74 elementor-widget elementor-widget-text-editor\" data-id=\"1991e74\" data-element_type=\"widget\" data-settings=\"{&quot;ekit_we_effect_on&quot;:&quot;none&quot;}\" data-widget_type=\"text-editor.default\">\n\t\t\t\t<div class=\"elementor-widget-container\">\n\t\t\t\t\t\t\t<p><strong>Requisitos de inscripci\u00f3n<\/strong><\/p><ul><li>Realizar solicitud del servicio mediante el siguiente <a href=\"https:\/\/apprende.jalisco.gob.mx\/programa-apoyo-edu-artistica\/wp-content\/uploads\/sites\/22\/2023\/04\/FORMATO-DE-SOLICITUD-DE-SERVICIO-PAEA.pdf\" target=\"_blank\" rel=\"noopener\">FORMATO<\/a><\/li><li>Cada grupo de alumnos debe estar acompa\u00f1ado cuando menos por un docente.<\/li><li>La escuela deber\u00e1 firmar una carta compromiso en el caso de Museos Escolares y Comunitarios, ya que el material utilizado para las exposiciones quedar\u00e1 bajo resguardo del plantel.<\/li><li>Al finalizar el evento el solicitante deber\u00e1 llenar un formato de evaluaci\u00f3n de calidad del servicio. *Se otorgar\u00e1n los servicios a las escuelas particulares bajo la disponibilidad de atenci\u00f3n del programa.&#8221;<\/li><\/ul><p><strong>Fechas de inscripci\u00f3n<\/strong><br \/>Durante el ciclo escolar vigente.<\/p><p><strong>Poblaci\u00f3n objetivo<\/strong><br \/>Escuelas p\u00fablicas de Educaci\u00f3n B\u00e1sica y Media Superior en todos sus niveles y servicios educativos.<\/p><p><strong>Evaluaci\u00f3n<\/strong><br \/><a href=\"https:\/\/n9.cl\/0ex2t\" target=\"_blank\" rel=\"noopener\">Evaluaci\u00f3n del Programa de Apoyo a la Educaci\u00f3n Art\u00edstica<\/a><\/p>\t\t\t\t\t\t<\/div>\n\t\t\t\t<\/div>\n\t\t\t\t\t<\/div>\n\t\t<\/div>\n\t\t\t\t\t\t\t<\/div>\n\t\t<\/section>\n\t\t\t\t\t<\/div>\n\t\t<\/div>\n\t\t\t\t\t\t\t<\/div>\n\t\t<\/section>\n\t\t\t\t\t\t\t<\/div>\n\t\t","protected":false},"excerpt":{"rendered":"<p>Requisitos de inscripci\u00f3n Realizar solicitud del servicio mediante el siguiente FORMATO Cada grupo de alumnos debe estar acompa\u00f1ado cuando menos por un docente. La escuela deber\u00e1 firmar una carta compromiso en el caso de Museos Escolares y Comunitarios, ya que el material utilizado para las exposiciones quedar\u00e1 bajo resguardo del plantel. Al finalizar el evento &hellip;<\/p>\n<p class=\"read-more\"> <a class=\"\" href=\"https:\/\/apprende.jalisco.gob.mx\/programa-apoyo-edu-artistica\/tramites-art\/\"> <span class=\"screen-reader-text\">Tr\u00e1mites<\/span> Leer m\u00e1s &raquo;<\/a><\/p>\n","protected":false},"author":8,"featured_media":0,"parent":0,"menu_order":0,"comment_status":"closed","ping_status":"closed","template":"","meta":{"_monsterinsights_skip_tracking":false,"_monsterinsights_sitenote_active":false,"_monsterinsights_sitenote_note":"","_monsterinsights_sitenote_category":0,"site-sidebar-layout":"no-sidebar","site-content-layout":"page-builder","ast-site-content-layout":"","site-content-style":"default","site-sidebar-style":"default","ast-global-header-display":"","ast-banner-title-visibility":"","ast-main-header-display":"","ast-hfb-above-header-display":"","ast-hfb-below-header-display":"","ast-hfb-mobile-header-display":"","site-post-title":"disabled","ast-breadcrumbs-content":"","ast-featured-img":"disabled","footer-sml-layout":"","theme-transparent-header-meta":"","adv-header-id-meta":"","stick-header-meta":"","header-above-stick-meta":"","header-main-stick-meta":"","header-below-stick-meta":"","astra-migrate-meta-layouts":"","ep_exclude_from_search":false,"footnotes":""},"acf":[],"yoast_head":"<!-- This site is optimized with the Yoast SEO Premium plugin v17.7 (Yoast SEO v21.0) - https:\/\/yoast.com\/wordpress\/plugins\/seo\/ -->\n<title>Tr\u00e1mites - Programa de Apoyo a la Educaci\u00f3n Art\u00edstica<\/title>\n<meta name=\"robots\" content=\"index, follow, max-snippet:-1, max-image-preview:large, max-video-preview:-1\" \/>\n<link rel=\"canonical\" href=\"https:\/\/apprende.jalisco.gob.mx\/programa-apoyo-edu-artistica\/tramites-art\/\" \/>\n<meta property=\"og:locale\" content=\"es_MX\" \/>\n<meta property=\"og:type\" content=\"article\" \/>\n<meta property=\"og:title\" content=\"Tr\u00e1mites\" \/>\n<meta property=\"og:description\" content=\"Requisitos de inscripci\u00f3n Realizar solicitud del servicio mediante el siguiente FORMATO Cada grupo de alumnos debe estar acompa\u00f1ado cuando menos por un docente. La escuela deber\u00e1 firmar una carta compromiso en el caso de Museos Escolares y Comunitarios, ya que el material utilizado para las exposiciones quedar\u00e1 bajo resguardo del plantel. Al finalizar el evento &hellip; Tr\u00e1mites Leer m\u00e1s &raquo;\" \/>\n<meta property=\"og:url\" content=\"https:\/\/apprende.jalisco.gob.mx\/programa-apoyo-edu-artistica\/tramites-art\/\" \/>\n<meta property=\"og:site_name\" content=\"Programa de Apoyo a la Educaci\u00f3n Art\u00edstica\" \/>\n<meta property=\"article:modified_time\" content=\"2023-04-20T20:10:17+00:00\" \/>\n<meta name=\"twitter:card\" content=\"summary_large_image\" \/>\n<meta name=\"twitter:label1\" content=\"Tiempo de lectura\" \/>\n\t<meta name=\"twitter:data1\" content=\"1 minuto\" \/>\n<script type=\"application\/ld+json\" class=\"yoast-schema-graph\">{\"@context\":\"https:\/\/schema.org\",\"@graph\":[{\"@type\":\"WebPage\",\"@id\":\"https:\/\/apprende.jalisco.gob.mx\/programa-apoyo-edu-artistica\/tramites-art\/\",\"url\":\"https:\/\/apprende.jalisco.gob.mx\/programa-apoyo-edu-artistica\/tramites-art\/\",\"name\":\"Tr\u00e1mites - Programa de Apoyo a la Educaci\u00f3n Art\u00edstica\",\"isPartOf\":{\"@id\":\"https:\/\/apprende.jalisco.gob.mx\/programa-apoyo-edu-artistica\/#website\"},\"datePublished\":\"2023-02-24T23:28:10+00:00\",\"dateModified\":\"2023-04-20T20:10:17+00:00\",\"breadcrumb\":{\"@id\":\"https:\/\/apprende.jalisco.gob.mx\/programa-apoyo-edu-artistica\/tramites-art\/#breadcrumb\"},\"inLanguage\":\"es-MX\",\"potentialAction\":[{\"@type\":\"ReadAction\",\"target\":[\"https:\/\/apprende.jalisco.gob.mx\/programa-apoyo-edu-artistica\/tramites-art\/\"]}]},{\"@type\":\"BreadcrumbList\",\"@id\":\"https:\/\/apprende.jalisco.gob.mx\/programa-apoyo-edu-artistica\/tramites-art\/#breadcrumb\",\"itemListElement\":[{\"@type\":\"ListItem\",\"position\":1,\"name\":\"Inicio\",\"item\":\"https:\/\/apprende.jalisco.gob.mx\/programa-apoyo-edu-artistica\/\"},{\"@type\":\"ListItem\",\"position\":2,\"name\":\"Tr\u00e1mites\"}]},{\"@type\":\"WebSite\",\"@id\":\"https:\/\/apprende.jalisco.gob.mx\/programa-apoyo-edu-artistica\/#website\",\"url\":\"https:\/\/apprende.jalisco.gob.mx\/programa-apoyo-edu-artistica\/\",\"name\":\"Programa de Apoyo a la Educaci\u00f3n Art\u00edstica\",\"description\":\"Micrositio\",\"publisher\":{\"@id\":\"https:\/\/apprende.jalisco.gob.mx\/programa-apoyo-edu-artistica\/#organization\"},\"potentialAction\":[{\"@type\":\"SearchAction\",\"target\":{\"@type\":\"EntryPoint\",\"urlTemplate\":\"https:\/\/apprende.jalisco.gob.mx\/programa-apoyo-edu-artistica\/?s={search_term_string}\"},\"query-input\":\"required name=search_term_string\"}],\"inLanguage\":\"es-MX\"},{\"@type\":\"Organization\",\"@id\":\"https:\/\/apprende.jalisco.gob.mx\/programa-apoyo-edu-artistica\/#organization\",\"name\":\"Programa de Apoyo a la Educaci\u00f3n Art\u00edstica\",\"url\":\"https:\/\/apprende.jalisco.gob.mx\/programa-apoyo-edu-artistica\/\",\"logo\":{\"@type\":\"ImageObject\",\"inLanguage\":\"es-MX\",\"@id\":\"https:\/\/apprende.jalisco.gob.mx\/programa-apoyo-edu-artistica\/#\/schema\/logo\/image\/\",\"url\":\"https:\/\/apprende.jalisco.gob.mx\/programa-apoyo-edu-artistica\/wp-content\/uploads\/sites\/22\/2022\/03\/logo-Educacion2025.png\",\"contentUrl\":\"https:\/\/apprende.jalisco.gob.mx\/programa-apoyo-edu-artistica\/wp-content\/uploads\/sites\/22\/2022\/03\/logo-Educacion2025.png\",\"width\":427,\"height\":108,\"caption\":\"Programa de Apoyo a la Educaci\u00f3n Art\u00edstica\"},\"image\":{\"@id\":\"https:\/\/apprende.jalisco.gob.mx\/programa-apoyo-edu-artistica\/#\/schema\/logo\/image\/\"}}]}<\/script>\n<!-- \/ Yoast SEO Premium plugin. -->","yoast_head_json":{"title":"Tr\u00e1mites - Programa de Apoyo a la Educaci\u00f3n Art\u00edstica","robots":{"index":"index","follow":"follow","max-snippet":"max-snippet:-1","max-image-preview":"max-image-preview:large","max-video-preview":"max-video-preview:-1"},"canonical":"https:\/\/apprende.jalisco.gob.mx\/programa-apoyo-edu-artistica\/tramites-art\/","og_locale":"es_MX","og_type":"article","og_title":"Tr\u00e1mites","og_description":"Requisitos de inscripci\u00f3n Realizar solicitud del servicio mediante el siguiente FORMATO Cada grupo de alumnos debe estar acompa\u00f1ado cuando menos por un docente. La escuela deber\u00e1 firmar una carta compromiso en el caso de Museos Escolares y Comunitarios, ya que el material utilizado para las exposiciones quedar\u00e1 bajo resguardo del plantel. Al finalizar el evento &hellip; Tr\u00e1mites Leer m\u00e1s &raquo;","og_url":"https:\/\/apprende.jalisco.gob.mx\/programa-apoyo-edu-artistica\/tramites-art\/","og_site_name":"Programa de Apoyo a la Educaci\u00f3n Art\u00edstica","article_modified_time":"2023-04-20T20:10:17+00:00","twitter_card":"summary_large_image","twitter_misc":{"Tiempo de lectura":"1 minuto"},"schema":{"@context":"https:\/\/schema.org","@graph":[{"@type":"WebPage","@id":"https:\/\/apprende.jalisco.gob.mx\/programa-apoyo-edu-artistica\/tramites-art\/","url":"https:\/\/apprende.jalisco.gob.mx\/programa-apoyo-edu-artistica\/tramites-art\/","name":"Tr\u00e1mites - Programa de Apoyo a la Educaci\u00f3n Art\u00edstica","isPartOf":{"@id":"https:\/\/apprende.jalisco.gob.mx\/programa-apoyo-edu-artistica\/#website"},"datePublished":"2023-02-24T23:28:10+00:00","dateModified":"2023-04-20T20:10:17+00:00","breadcrumb":{"@id":"https:\/\/apprende.jalisco.gob.mx\/programa-apoyo-edu-artistica\/tramites-art\/#breadcrumb"},"inLanguage":"es-MX","potentialAction":[{"@type":"ReadAction","target":["https:\/\/apprende.jalisco.gob.mx\/programa-apoyo-edu-artistica\/tramites-art\/"]}]},{"@type":"BreadcrumbList","@id":"https:\/\/apprende.jalisco.gob.mx\/programa-apoyo-edu-artistica\/tramites-art\/#breadcrumb","itemListElement":[{"@type":"ListItem","position":1,"name":"Inicio","item":"https:\/\/apprende.jalisco.gob.mx\/programa-apoyo-edu-artistica\/"},{"@type":"ListItem","position":2,"name":"Tr\u00e1mites"}]},{"@type":"WebSite","@id":"https:\/\/apprende.jalisco.gob.mx\/programa-apoyo-edu-artistica\/#website","url":"https:\/\/apprende.jalisco.gob.mx\/programa-apoyo-edu-artistica\/","name":"Programa de Apoyo a la Educaci\u00f3n Art\u00edstica","description":"Micrositio","publisher":{"@id":"https:\/\/apprende.jalisco.gob.mx\/programa-apoyo-edu-artistica\/#organization"},"potentialAction":[{"@type":"SearchAction","target":{"@type":"EntryPoint","urlTemplate":"https:\/\/apprende.jalisco.gob.mx\/programa-apoyo-edu-artistica\/?s={search_term_string}"},"query-input":"required name=search_term_string"}],"inLanguage":"es-MX"},{"@type":"Organization","@id":"https:\/\/apprende.jalisco.gob.mx\/programa-apoyo-edu-artistica\/#organization","name":"Programa de Apoyo a la Educaci\u00f3n Art\u00edstica","url":"https:\/\/apprende.jalisco.gob.mx\/programa-apoyo-edu-artistica\/","logo":{"@type":"ImageObject","inLanguage":"es-MX","@id":"https:\/\/apprende.jalisco.gob.mx\/programa-apoyo-edu-artistica\/#\/schema\/logo\/image\/","url":"https:\/\/apprende.jalisco.gob.mx\/programa-apoyo-edu-artistica\/wp-content\/uploads\/sites\/22\/2022\/03\/logo-Educacion2025.png","contentUrl":"https:\/\/apprende.jalisco.gob.mx\/programa-apoyo-edu-artistica\/wp-content\/uploads\/sites\/22\/2022\/03\/logo-Educacion2025.png","width":427,"height":108,"caption":"Programa de Apoyo a la Educaci\u00f3n Art\u00edstica"},"image":{"@id":"https:\/\/apprende.jalisco.gob.mx\/programa-apoyo-edu-artistica\/#\/schema\/logo\/image\/"}}]}},"_links":{"self":[{"href":"https:\/\/apprende.jalisco.gob.mx\/programa-apoyo-edu-artistica\/wp-json\/wp\/v2\/pages\/3462"}],"collection":[{"href":"https:\/\/apprende.jalisco.gob.mx\/programa-apoyo-edu-artistica\/wp-json\/wp\/v2\/pages"}],"about":[{"href":"https:\/\/apprende.jalisco.gob.mx\/programa-apoyo-edu-artistica\/wp-json\/wp\/v2\/types\/page"}],"author":[{"embeddable":true,"href":"https:\/\/apprende.jalisco.gob.mx\/programa-apoyo-edu-artistica\/wp-json\/wp\/v2\/users\/8"}],"replies":[{"embeddable":true,"href":"https:\/\/apprende.jalisco.gob.mx\/programa-apoyo-edu-artistica\/wp-json\/wp\/v2\/comments?post=3462"}],"version-history":[{"count":7,"href":"https:\/\/apprende.jalisco.gob.mx\/programa-apoyo-edu-artistica\/wp-json\/wp\/v2\/pages\/3462\/revisions"}],"predecessor-version":[{"id":3507,"href":"https:\/\/apprende.jalisco.gob.mx\/programa-apoyo-edu-artistica\/wp-json\/wp\/v2\/pages\/3462\/revisions\/3507"}],"wp:attachment":[{"href":"https:\/\/apprende.jalisco.gob.mx\/programa-apoyo-edu-artistica\/wp-json\/wp\/v2\/media?parent=3462"}],"curies":[{"name":"wp","href":"https:\/\/api.w.org\/{rel}","templated":true}]}}