{"id":3644,"date":"2023-03-03T14:41:19","date_gmt":"2023-03-03T20:41:19","guid":{"rendered":"https:\/\/recrea.jalisco.gob.mx\/recreando-mis-emociones\/?page_id=3644"},"modified":"2026-03-11T09:48:59","modified_gmt":"2026-03-11T15:48:59","slug":"todos-los-niveles-educativos","status":"publish","type":"page","link":"https:\/\/apprende.jalisco.gob.mx\/recreando-mis-emociones\/todos-los-niveles-educativos\/","title":{"rendered":"Todos los niveles educativos"},"content":{"rendered":"\t\t<div data-elementor-type=\"wp-page\" data-elementor-id=\"3644\" class=\"elementor elementor-3644\" data-elementor-post-type=\"page\">\n\t\t\t\t\t\t\t\t\t<section class=\"elementor-section elementor-top-section elementor-element elementor-element-3bafc7d elementor-section-boxed elementor-section-height-default elementor-section-height-default\" data-id=\"3bafc7d\" data-element_type=\"section\" data-settings=\"{&quot;ekit_has_onepagescroll_dot&quot;:&quot;yes&quot;}\">\n\t\t\t\t\t\t<div class=\"elementor-container elementor-column-gap-default\">\n\t\t\t\t\t<div class=\"elementor-column elementor-col-100 elementor-top-column elementor-element elementor-element-026aa13\" data-id=\"026aa13\" data-element_type=\"column\">\n\t\t\t<div class=\"elementor-widget-wrap elementor-element-populated\">\n\t\t\t\t\t\t\t\t<div class=\"elementor-element elementor-element-adc2a13 elementor-widget elementor-widget-spacer\" data-id=\"adc2a13\" data-element_type=\"widget\" data-settings=\"{&quot;ekit_we_effect_on&quot;:&quot;none&quot;}\" data-widget_type=\"spacer.default\">\n\t\t\t\t<div class=\"elementor-widget-container\">\n\t\t\t\t\t<div class=\"elementor-spacer\">\n\t\t\t<div class=\"elementor-spacer-inner\"><\/div>\n\t\t<\/div>\n\t\t\t\t<\/div>\n\t\t\t\t<\/div>\n\t\t\t\t<div class=\"elementor-element elementor-element-8fe55ef elementor-widget elementor-widget-heading\" data-id=\"8fe55ef\" data-element_type=\"widget\" data-settings=\"{&quot;ekit_we_effect_on&quot;:&quot;none&quot;}\" data-widget_type=\"heading.default\">\n\t\t\t\t<div class=\"elementor-widget-container\">\n\t\t\t<h1 class=\"elementor-heading-title elementor-size-default\">Todos los niveles Educativos<\/h1>\t\t<\/div>\n\t\t\t\t<\/div>\n\t\t\t\t\t<\/div>\n\t\t<\/div>\n\t\t\t\t\t\t\t<\/div>\n\t\t<\/section>\n\t\t\t\t<section class=\"elementor-section elementor-top-section elementor-element elementor-element-b297b5a elementor-section-boxed elementor-section-height-default elementor-section-height-default\" data-id=\"b297b5a\" data-element_type=\"section\" data-settings=\"{&quot;ekit_has_onepagescroll_dot&quot;:&quot;yes&quot;}\">\n\t\t\t\t\t\t<div class=\"elementor-container elementor-column-gap-default\">\n\t\t\t\t\t<div class=\"elementor-column elementor-col-100 elementor-top-column elementor-element elementor-element-c11ea88\" data-id=\"c11ea88\" data-element_type=\"column\">\n\t\t\t<div class=\"elementor-widget-wrap elementor-element-populated\">\n\t\t\t\t\t\t\t\t<div class=\"elementor-element elementor-element-cd9b200 elementor-icon-list--layout-traditional elementor-list-item-link-full_width elementor-widget elementor-widget-icon-list\" data-id=\"cd9b200\" data-element_type=\"widget\" data-settings=\"{&quot;ekit_we_effect_on&quot;:&quot;none&quot;}\" data-widget_type=\"icon-list.default\">\n\t\t\t\t<div class=\"elementor-widget-container\">\n\t\t\t\t\t<ul class=\"elementor-icon-list-items\">\n\t\t\t\t\t\t\t<li class=\"elementor-icon-list-item\">\n\t\t\t\t\t\t\t\t\t\t\t<a href=\"https:\/\/drive.google.com\/file\/d\/1fxU9TB74utlS2bqpZ4nZfyulLMRd9izu\/view\" target=\"_blank\">\n\n\t\t\t\t\t\t\t\t\t\t\t\t<span class=\"elementor-icon-list-icon\">\n\t\t\t\t\t\t\t<i aria-hidden=\"true\" class=\"icon icon-enter-down\"><\/i>\t\t\t\t\t\t<\/span>\n\t\t\t\t\t\t\t\t\t\t<span class=\"elementor-icon-list-text\">Socioemocional Ana\u0301lisis Colectivo<\/span>\n\t\t\t\t\t\t\t\t\t\t\t<\/a>\n\t\t\t\t\t\t\t\t\t<\/li>\n\t\t\t\t\t\t\t\t<li class=\"elementor-icon-list-item\">\n\t\t\t\t\t\t\t\t\t\t\t<a href=\"https:\/\/drive.google.com\/file\/d\/1kDc9qn4z1CTrBA2oWnGUUbTbnt3SGA28\/view\" target=\"_blank\">\n\n\t\t\t\t\t\t\t\t\t\t\t\t<span class=\"elementor-icon-list-icon\">\n\t\t\t\t\t\t\t<i aria-hidden=\"true\" class=\"icon icon-enter-down\"><\/i>\t\t\t\t\t\t<\/span>\n\t\t\t\t\t\t\t\t\t\t<span class=\"elementor-icon-list-text\">Socioemocional Estrategias Colectivo<\/span>\n\t\t\t\t\t\t\t\t\t\t\t<\/a>\n\t\t\t\t\t\t\t\t\t<\/li>\n\t\t\t\t\t\t\t\t<li class=\"elementor-icon-list-item\">\n\t\t\t\t\t\t\t\t\t\t\t<a href=\"https:\/\/drive.google.com\/file\/d\/1wl2aqm0MrEMJklA2xaeYUr_VS2z0JoaU\/view\" target=\"_blank\">\n\n\t\t\t\t\t\t\t\t\t\t\t\t<span class=\"elementor-icon-list-icon\">\n\t\t\t\t\t\t\t<i aria-hidden=\"true\" class=\"icon icon-enter-down\"><\/i>\t\t\t\t\t\t<\/span>\n\t\t\t\t\t\t\t\t\t\t<span class=\"elementor-icon-list-text\">PNCE Fichero 2020-2021<\/span>\n\t\t\t\t\t\t\t\t\t\t\t<\/a>\n\t\t\t\t\t\t\t\t\t<\/li>\n\t\t\t\t\t\t\t\t<li class=\"elementor-icon-list-item\">\n\t\t\t\t\t\t\t\t\t\t\t<a href=\"https:\/\/drive.google.com\/file\/d\/1FAhfZ6lv3Kn4_-0EQLXcVOe_YtQFLu6_\/view\" target=\"_blank\">\n\n\t\t\t\t\t\t\t\t\t\t\t\t<span class=\"elementor-icon-list-icon\">\n\t\t\t\t\t\t\t<i aria-hidden=\"true\" class=\"icon icon-enter-down\"><\/i>\t\t\t\t\t\t<\/span>\n\t\t\t\t\t\t\t\t\t\t<span class=\"elementor-icon-list-text\">SEP Aprendizajes clave para la educaci\u00f3n integral, Plan y programas de estudio para la educacion b\u00e1sica<\/span>\n\t\t\t\t\t\t\t\t\t\t\t<\/a>\n\t\t\t\t\t\t\t\t\t<\/li>\n\t\t\t\t\t\t\t\t<li class=\"elementor-icon-list-item\">\n\t\t\t\t\t\t\t\t\t\t\t<a href=\"http:\/\/www.educacionbc.edu.mx\/departamentos\/partsocial\/archivos2020\/convivencia%20escolar\/Fichero_PNCE.pdf\" target=\"_blank\">\n\n\t\t\t\t\t\t\t\t\t\t\t\t<span class=\"elementor-icon-list-icon\">\n\t\t\t\t\t\t\t<i aria-hidden=\"true\" class=\"icon icon-enter-down\"><\/i>\t\t\t\t\t\t<\/span>\n\t\t\t\t\t\t\t\t\t\t<span class=\"elementor-icon-list-text\">PNCE_Fichero<\/span>\n\t\t\t\t\t\t\t\t\t\t\t<\/a>\n\t\t\t\t\t\t\t\t\t<\/li>\n\t\t\t\t\t\t\t\t<li class=\"elementor-icon-list-item\">\n\t\t\t\t\t\t\t\t\t\t\t<a href=\"http:\/\/construyet.sep.gob.mx\/resources\/pdf\/guia\/Guia_HSE_y_uso_de_fichas.pdf\" target=\"_blank\">\n\n\t\t\t\t\t\t\t\t\t\t\t\t<span class=\"elementor-icon-list-icon\">\n\t\t\t\t\t\t\t<i aria-hidden=\"true\" class=\"icon icon-enter-down\"><\/i>\t\t\t\t\t\t<\/span>\n\t\t\t\t\t\t\t\t\t\t<span class=\"elementor-icon-list-text\">Construye T_Gu\u00eda sobre las HSE y el uso de fichas de actividades<\/span>\n\t\t\t\t\t\t\t\t\t\t\t<\/a>\n\t\t\t\t\t\t\t\t\t<\/li>\n\t\t\t\t\t\t\t\t<li class=\"elementor-icon-list-item\">\n\t\t\t\t\t\t\t\t\t\t\t<a href=\"https:\/\/drive.google.com\/file\/d\/1FAhfZ6lv3Kn4_-0EQLXcVOe_YtQFLu6_\/view\" target=\"_blank\">\n\n\t\t\t\t\t\t\t\t\t\t\t\t<span class=\"elementor-icon-list-icon\">\n\t\t\t\t\t\t\t<i aria-hidden=\"true\" class=\"icon icon-enter-down\"><\/i>\t\t\t\t\t\t<\/span>\n\t\t\t\t\t\t\t\t\t\t<span class=\"elementor-icon-list-text\">Fichero SEP_Cuidar de otros es cuidar de s\u00ed mismos<\/span>\n\t\t\t\t\t\t\t\t\t\t\t<\/a>\n\t\t\t\t\t\t\t\t\t<\/li>\n\t\t\t\t\t\t\t\t<li class=\"elementor-icon-list-item\">\n\t\t\t\t\t\t\t\t\t\t\t<span class=\"elementor-icon-list-icon\">\n\t\t\t\t\t\t\t<i aria-hidden=\"true\" class=\"icon icon-enter-down\"><\/i>\t\t\t\t\t\t<\/span>\n\t\t\t\t\t\t\t\t\t\t<span class=\"elementor-icon-list-text\">Fichas Recrea CTE CAV Ciclo Escolar 2020-2021_An\u00e1lisis de la condici\u00f3n socioemocional personal y colectiva.<\/span>\n\t\t\t\t\t\t\t\t\t<\/li>\n\t\t\t\t\t\t\t\t<li class=\"elementor-icon-list-item\">\n\t\t\t\t\t\t\t\t\t\t\t<a href=\"https:\/\/drive.google.com\/file\/d\/1Gb-GfCFniaLcM4kaPalKji02wBliipAT\/view\">\n\n\t\t\t\t\t\t\t\t\t\t\t\t<span class=\"elementor-icon-list-icon\">\n\t\t\t\t\t\t\t<i aria-hidden=\"true\" class=\"icon icon-enter-down\"><\/i>\t\t\t\t\t\t<\/span>\n\t\t\t\t\t\t\t\t\t\t<span class=\"elementor-icon-list-text\">Socioemocional Alumnos<\/span>\n\t\t\t\t\t\t\t\t\t\t\t<\/a>\n\t\t\t\t\t\t\t\t\t<\/li>\n\t\t\t\t\t\t\t\t<li class=\"elementor-icon-list-item\">\n\t\t\t\t\t\t\t\t\t\t\t<a href=\"https:\/\/drive.google.com\/file\/d\/1YCe1FHFesqzUmP3Tp9SZrKnPyrhsXW1T\/view?usp=sharing\">\n\n\t\t\t\t\t\t\t\t\t\t\t\t<span class=\"elementor-icon-list-icon\">\n\t\t\t\t\t\t\t<i aria-hidden=\"true\" class=\"icon icon-enter-down\"><\/i>\t\t\t\t\t\t<\/span>\n\t\t\t\t\t\t\t\t\t\t<span class=\"elementor-icon-list-text\">Fichero HSS<\/span>\n\t\t\t\t\t\t\t\t\t\t\t<\/a>\n\t\t\t\t\t\t\t\t\t<\/li>\n\t\t\t\t\t\t\t\t<li class=\"elementor-icon-list-item\">\n\t\t\t\t\t\t\t\t\t\t\t<a href=\"https:\/\/drive.google.com\/file\/d\/1JylxCYa40_nURgHoVQVBRqtMTikdLjFk\/view\">\n\n\t\t\t\t\t\t\t\t\t\t\t\t<span class=\"elementor-icon-list-icon\">\n\t\t\t\t\t\t\t<i aria-hidden=\"true\" class=\"icon icon-enter-down\"><\/i>\t\t\t\t\t\t<\/span>\n\t\t\t\t\t\t\t\t\t\t<span class=\"elementor-icon-list-text\">PNCE Resumen Fichero 2020.2021<\/span>\n\t\t\t\t\t\t\t\t\t\t\t<\/a>\n\t\t\t\t\t\t\t\t\t<\/li>\n\t\t\t\t\t\t\t\t<li class=\"elementor-icon-list-item\">\n\t\t\t\t\t\t\t\t\t\t\t<a href=\"https:\/\/drive.google.com\/file\/d\/19qPnVHwebHNje8iGU3TEo2cIxui8edcL\/view\">\n\n\t\t\t\t\t\t\t\t\t\t\t\t<span class=\"elementor-icon-list-icon\">\n\t\t\t\t\t\t\t<i aria-hidden=\"true\" class=\"icon icon-enter-down\"><\/i>\t\t\t\t\t\t<\/span>\n\t\t\t\t\t\t\t\t\t\t<span class=\"elementor-icon-list-text\">PNCE Infograf\u00eda Manejo de crisis y buen trato para la recuperaci\u00f3n emocional en contextos de emergencias<\/span>\n\t\t\t\t\t\t\t\t\t\t\t<\/a>\n\t\t\t\t\t\t\t\t\t<\/li>\n\t\t\t\t\t\t\t\t<li class=\"elementor-icon-list-item\">\n\t\t\t\t\t\t\t\t\t\t\t<a href=\"https:\/\/tabasco.gob.mx\/sites\/default\/files\/users\/setabasco\/Resumen%20Fichero%20PNCE.pdf\">\n\n\t\t\t\t\t\t\t\t\t\t\t\t<span class=\"elementor-icon-list-icon\">\n\t\t\t\t\t\t\t<i aria-hidden=\"true\" class=\"icon icon-enter-down\"><\/i>\t\t\t\t\t\t<\/span>\n\t\t\t\t\t\t\t\t\t\t<span class=\"elementor-icon-list-text\">Resumen del fichero<\/span>\n\t\t\t\t\t\t\t\t\t\t\t<\/a>\n\t\t\t\t\t\t\t\t\t<\/li>\n\t\t\t\t\t\t\t\t<li class=\"elementor-icon-list-item\">\n\t\t\t\t\t\t\t\t\t\t\t<a href=\"https:\/\/www.tamaulipas.gob.mx\/educacion\/wp-content\/uploads\/sites\/3\/2020\/06\/ficherohss.pdf\">\n\n\t\t\t\t\t\t\t\t\t\t\t\t<span class=\"elementor-icon-list-icon\">\n\t\t\t\t\t\t\t<i aria-hidden=\"true\" class=\"icon icon-enter-down\"><\/i>\t\t\t\t\t\t<\/span>\n\t\t\t\t\t\t\t\t\t\t<span class=\"elementor-icon-list-text\">Construye T_Autoevaluaci\u00f3n para el estudiante Conociendo mis habilidades socioemocionales<\/span>\n\t\t\t\t\t\t\t\t\t\t\t<\/a>\n\t\t\t\t\t\t\t\t\t<\/li>\n\t\t\t\t\t\t\t\t<li class=\"elementor-icon-list-item\">\n\t\t\t\t\t\t\t\t\t\t\t<a href=\"http:\/\/www.educacionbc.edu.mx\/departamentos\/partsocial\/archivos2020\/convivencia%20escolar\/Info08_Manejo_de_crisis_buen_trato.pdf\">\n\n\t\t\t\t\t\t\t\t\t\t\t\t<span class=\"elementor-icon-list-icon\">\n\t\t\t\t\t\t\t<i aria-hidden=\"true\" class=\"icon icon-enter-down\"><\/i>\t\t\t\t\t\t<\/span>\n\t\t\t\t\t\t\t\t\t\t<span class=\"elementor-icon-list-text\">PNCE_Infograf\u00eda Manejo de crisis y buen trato para la recuperaci\u00f3n emocional en contextos de emergencias<\/span>\n\t\t\t\t\t\t\t\t\t\t\t<\/a>\n\t\t\t\t\t\t\t\t\t<\/li>\n\t\t\t\t\t\t\t\t<li class=\"elementor-icon-list-item\">\n\t\t\t\t\t\t\t\t\t\t\t<a href=\"http:\/\/construyet.sep.gob.mx\/resources\/pdf\/EMS_Educacion_Socioemocional_150.pdf\">\n\n\t\t\t\t\t\t\t\t\t\t\t\t<span class=\"elementor-icon-list-icon\">\n\t\t\t\t\t\t\t<i aria-hidden=\"true\" class=\"icon icon-enter-down\"><\/i>\t\t\t\t\t\t<\/span>\n\t\t\t\t\t\t\t\t\t\t<span class=\"elementor-icon-list-text\">Construye T_Manual para el Docente Educaci\u00f3n socioemocional en Educaci\u00f3n media superior: orientaciones did\u00e1cticas y de gesti\u00f3n para la implementaci\u00f3n<\/span>\n\t\t\t\t\t\t\t\t\t\t\t<\/a>\n\t\t\t\t\t\t\t\t\t<\/li>\n\t\t\t\t\t\t<\/ul>\n\t\t\t\t<\/div>\n\t\t\t\t<\/div>\n\t\t\t\t\t<\/div>\n\t\t<\/div>\n\t\t\t\t\t\t\t<\/div>\n\t\t<\/section>\n\t\t\t\t\t\t\t<\/div>\n\t\t","protected":false},"excerpt":{"rendered":"<p>Todos los niveles Educativos Socioemocional Ana\u0301lisis Colectivo Socioemocional Estrategias Colectivo PNCE Fichero 2020-2021 SEP Aprendizajes clave para la educaci\u00f3n integral, Plan y programas de estudio para la educacion b\u00e1sica PNCE_Fichero Construye T_Gu\u00eda sobre las HSE y el uso de fichas de actividades Fichero SEP_Cuidar de otros es cuidar de s\u00ed mismos Fichas Recrea CTE CAV &hellip;<\/p>\n<p class=\"read-more\"> <a class=\"\" href=\"https:\/\/apprende.jalisco.gob.mx\/recreando-mis-emociones\/todos-los-niveles-educativos\/\"> <span class=\"screen-reader-text\">Todos los niveles educativos<\/span> Leer m\u00e1s &raquo;<\/a><\/p>\n","protected":false},"author":8,"featured_media":0,"parent":0,"menu_order":0,"comment_status":"closed","ping_status":"closed","template":"","meta":{"_monsterinsights_skip_tracking":false,"_monsterinsights_sitenote_active":false,"_monsterinsights_sitenote_note":"","_monsterinsights_sitenote_category":0,"site-sidebar-layout":"no-sidebar","site-content-layout":"page-builder","ast-site-content-layout":"","site-content-style":"default","site-sidebar-style":"default","ast-global-header-display":"","ast-banner-title-visibility":"","ast-main-header-display":"","ast-hfb-above-header-display":"","ast-hfb-below-header-display":"","ast-hfb-mobile-header-display":"","site-post-title":"disabled","ast-breadcrumbs-content":"","ast-featured-img":"disabled","footer-sml-layout":"","theme-transparent-header-meta":"default","adv-header-id-meta":"","stick-header-meta":"default","header-above-stick-meta":"","header-main-stick-meta":"","header-below-stick-meta":"","astra-migrate-meta-layouts":"","ep_exclude_from_search":false,"footnotes":""},"acf":[],"yoast_head":"<!-- This site is optimized with the Yoast SEO Premium plugin v17.7 (Yoast SEO v21.0) - https:\/\/yoast.com\/wordpress\/plugins\/seo\/ -->\n<title>Todos los niveles educativos - Recreando mis emociones<\/title>\n<meta name=\"robots\" content=\"index, follow, max-snippet:-1, max-image-preview:large, max-video-preview:-1\" \/>\n<link rel=\"canonical\" href=\"https:\/\/apprende.jalisco.gob.mx\/recreando-mis-emociones\/todos-los-niveles-educativos\/\" \/>\n<meta property=\"og:locale\" content=\"es_MX\" \/>\n<meta property=\"og:type\" content=\"article\" \/>\n<meta property=\"og:title\" content=\"Todos los niveles educativos\" \/>\n<meta property=\"og:description\" content=\"Todos los niveles Educativos Socioemocional Ana\u0301lisis Colectivo Socioemocional Estrategias Colectivo PNCE Fichero 2020-2021 SEP Aprendizajes clave para la educaci\u00f3n integral, Plan y programas de estudio para la educacion b\u00e1sica PNCE_Fichero Construye T_Gu\u00eda sobre las HSE y el uso de fichas de actividades Fichero SEP_Cuidar de otros es cuidar de s\u00ed mismos Fichas Recrea CTE CAV &hellip; Todos los niveles educativos Leer m\u00e1s &raquo;\" \/>\n<meta property=\"og:url\" content=\"https:\/\/apprende.jalisco.gob.mx\/recreando-mis-emociones\/todos-los-niveles-educativos\/\" \/>\n<meta property=\"og:site_name\" content=\"Recreando mis emociones\" \/>\n<meta property=\"article:modified_time\" content=\"2026-03-11T15:48:59+00:00\" \/>\n<meta name=\"twitter:card\" content=\"summary_large_image\" \/>\n<meta name=\"twitter:label1\" content=\"Tiempo de lectura\" \/>\n\t<meta name=\"twitter:data1\" content=\"1 minuto\" \/>\n<script type=\"application\/ld+json\" class=\"yoast-schema-graph\">{\"@context\":\"https:\/\/schema.org\",\"@graph\":[{\"@type\":\"WebPage\",\"@id\":\"https:\/\/apprende.jalisco.gob.mx\/recreando-mis-emociones\/todos-los-niveles-educativos\/\",\"url\":\"https:\/\/apprende.jalisco.gob.mx\/recreando-mis-emociones\/todos-los-niveles-educativos\/\",\"name\":\"Todos los niveles educativos - Recreando mis emociones\",\"isPartOf\":{\"@id\":\"https:\/\/apprende.jalisco.gob.mx\/recreando-mis-emociones\/#website\"},\"datePublished\":\"2023-03-03T20:41:19+00:00\",\"dateModified\":\"2026-03-11T15:48:59+00:00\",\"breadcrumb\":{\"@id\":\"https:\/\/apprende.jalisco.gob.mx\/recreando-mis-emociones\/todos-los-niveles-educativos\/#breadcrumb\"},\"inLanguage\":\"es-MX\",\"potentialAction\":[{\"@type\":\"ReadAction\",\"target\":[\"https:\/\/apprende.jalisco.gob.mx\/recreando-mis-emociones\/todos-los-niveles-educativos\/\"]}]},{\"@type\":\"BreadcrumbList\",\"@id\":\"https:\/\/apprende.jalisco.gob.mx\/recreando-mis-emociones\/todos-los-niveles-educativos\/#breadcrumb\",\"itemListElement\":[{\"@type\":\"ListItem\",\"position\":1,\"name\":\"Inicio\",\"item\":\"https:\/\/apprende.jalisco.gob.mx\/recreando-mis-emociones\/\"},{\"@type\":\"ListItem\",\"position\":2,\"name\":\"Todos los niveles educativos\"}]},{\"@type\":\"WebSite\",\"@id\":\"https:\/\/apprende.jalisco.gob.mx\/recreando-mis-emociones\/#website\",\"url\":\"https:\/\/apprende.jalisco.gob.mx\/recreando-mis-emociones\/\",\"name\":\"Recreando mis emociones\",\"description\":\"Micrositio\",\"publisher\":{\"@id\":\"https:\/\/apprende.jalisco.gob.mx\/recreando-mis-emociones\/#organization\"},\"potentialAction\":[{\"@type\":\"SearchAction\",\"target\":{\"@type\":\"EntryPoint\",\"urlTemplate\":\"https:\/\/apprende.jalisco.gob.mx\/recreando-mis-emociones\/?s={search_term_string}\"},\"query-input\":\"required name=search_term_string\"}],\"inLanguage\":\"es-MX\"},{\"@type\":\"Organization\",\"@id\":\"https:\/\/apprende.jalisco.gob.mx\/recreando-mis-emociones\/#organization\",\"name\":\"Recreando mis emociones\",\"url\":\"https:\/\/apprende.jalisco.gob.mx\/recreando-mis-emociones\/\",\"logo\":{\"@type\":\"ImageObject\",\"inLanguage\":\"es-MX\",\"@id\":\"https:\/\/apprende.jalisco.gob.mx\/recreando-mis-emociones\/#\/schema\/logo\/image\/\",\"url\":\"https:\/\/apprende.jalisco.gob.mx\/recreando-mis-emociones\/wp-content\/uploads\/sites\/38\/2022\/03\/logo-Educacion2025.png\",\"contentUrl\":\"https:\/\/apprende.jalisco.gob.mx\/recreando-mis-emociones\/wp-content\/uploads\/sites\/38\/2022\/03\/logo-Educacion2025.png\",\"width\":427,\"height\":108,\"caption\":\"Recreando mis emociones\"},\"image\":{\"@id\":\"https:\/\/apprende.jalisco.gob.mx\/recreando-mis-emociones\/#\/schema\/logo\/image\/\"}}]}<\/script>\n<!-- \/ Yoast SEO Premium plugin. -->","yoast_head_json":{"title":"Todos los niveles educativos - Recreando mis emociones","robots":{"index":"index","follow":"follow","max-snippet":"max-snippet:-1","max-image-preview":"max-image-preview:large","max-video-preview":"max-video-preview:-1"},"canonical":"https:\/\/apprende.jalisco.gob.mx\/recreando-mis-emociones\/todos-los-niveles-educativos\/","og_locale":"es_MX","og_type":"article","og_title":"Todos los niveles educativos","og_description":"Todos los niveles Educativos Socioemocional Ana\u0301lisis Colectivo Socioemocional Estrategias Colectivo PNCE Fichero 2020-2021 SEP Aprendizajes clave para la educaci\u00f3n integral, Plan y programas de estudio para la educacion b\u00e1sica PNCE_Fichero Construye T_Gu\u00eda sobre las HSE y el uso de fichas de actividades Fichero SEP_Cuidar de otros es cuidar de s\u00ed mismos Fichas Recrea CTE CAV &hellip; Todos los niveles educativos Leer m\u00e1s &raquo;","og_url":"https:\/\/apprende.jalisco.gob.mx\/recreando-mis-emociones\/todos-los-niveles-educativos\/","og_site_name":"Recreando mis emociones","article_modified_time":"2026-03-11T15:48:59+00:00","twitter_card":"summary_large_image","twitter_misc":{"Tiempo de lectura":"1 minuto"},"schema":{"@context":"https:\/\/schema.org","@graph":[{"@type":"WebPage","@id":"https:\/\/apprende.jalisco.gob.mx\/recreando-mis-emociones\/todos-los-niveles-educativos\/","url":"https:\/\/apprende.jalisco.gob.mx\/recreando-mis-emociones\/todos-los-niveles-educativos\/","name":"Todos los niveles educativos - Recreando mis emociones","isPartOf":{"@id":"https:\/\/apprende.jalisco.gob.mx\/recreando-mis-emociones\/#website"},"datePublished":"2023-03-03T20:41:19+00:00","dateModified":"2026-03-11T15:48:59+00:00","breadcrumb":{"@id":"https:\/\/apprende.jalisco.gob.mx\/recreando-mis-emociones\/todos-los-niveles-educativos\/#breadcrumb"},"inLanguage":"es-MX","potentialAction":[{"@type":"ReadAction","target":["https:\/\/apprende.jalisco.gob.mx\/recreando-mis-emociones\/todos-los-niveles-educativos\/"]}]},{"@type":"BreadcrumbList","@id":"https:\/\/apprende.jalisco.gob.mx\/recreando-mis-emociones\/todos-los-niveles-educativos\/#breadcrumb","itemListElement":[{"@type":"ListItem","position":1,"name":"Inicio","item":"https:\/\/apprende.jalisco.gob.mx\/recreando-mis-emociones\/"},{"@type":"ListItem","position":2,"name":"Todos los niveles educativos"}]},{"@type":"WebSite","@id":"https:\/\/apprende.jalisco.gob.mx\/recreando-mis-emociones\/#website","url":"https:\/\/apprende.jalisco.gob.mx\/recreando-mis-emociones\/","name":"Recreando mis emociones","description":"Micrositio","publisher":{"@id":"https:\/\/apprende.jalisco.gob.mx\/recreando-mis-emociones\/#organization"},"potentialAction":[{"@type":"SearchAction","target":{"@type":"EntryPoint","urlTemplate":"https:\/\/apprende.jalisco.gob.mx\/recreando-mis-emociones\/?s={search_term_string}"},"query-input":"required name=search_term_string"}],"inLanguage":"es-MX"},{"@type":"Organization","@id":"https:\/\/apprende.jalisco.gob.mx\/recreando-mis-emociones\/#organization","name":"Recreando mis emociones","url":"https:\/\/apprende.jalisco.gob.mx\/recreando-mis-emociones\/","logo":{"@type":"ImageObject","inLanguage":"es-MX","@id":"https:\/\/apprende.jalisco.gob.mx\/recreando-mis-emociones\/#\/schema\/logo\/image\/","url":"https:\/\/apprende.jalisco.gob.mx\/recreando-mis-emociones\/wp-content\/uploads\/sites\/38\/2022\/03\/logo-Educacion2025.png","contentUrl":"https:\/\/apprende.jalisco.gob.mx\/recreando-mis-emociones\/wp-content\/uploads\/sites\/38\/2022\/03\/logo-Educacion2025.png","width":427,"height":108,"caption":"Recreando mis emociones"},"image":{"@id":"https:\/\/apprende.jalisco.gob.mx\/recreando-mis-emociones\/#\/schema\/logo\/image\/"}}]}},"_links":{"self":[{"href":"https:\/\/apprende.jalisco.gob.mx\/recreando-mis-emociones\/wp-json\/wp\/v2\/pages\/3644"}],"collection":[{"href":"https:\/\/apprende.jalisco.gob.mx\/recreando-mis-emociones\/wp-json\/wp\/v2\/pages"}],"about":[{"href":"https:\/\/apprende.jalisco.gob.mx\/recreando-mis-emociones\/wp-json\/wp\/v2\/types\/page"}],"author":[{"embeddable":true,"href":"https:\/\/apprende.jalisco.gob.mx\/recreando-mis-emociones\/wp-json\/wp\/v2\/users\/8"}],"replies":[{"embeddable":true,"href":"https:\/\/apprende.jalisco.gob.mx\/recreando-mis-emociones\/wp-json\/wp\/v2\/comments?post=3644"}],"version-history":[{"count":40,"href":"https:\/\/apprende.jalisco.gob.mx\/recreando-mis-emociones\/wp-json\/wp\/v2\/pages\/3644\/revisions"}],"predecessor-version":[{"id":3887,"href":"https:\/\/apprende.jalisco.gob.mx\/recreando-mis-emociones\/wp-json\/wp\/v2\/pages\/3644\/revisions\/3887"}],"wp:attachment":[{"href":"https:\/\/apprende.jalisco.gob.mx\/recreando-mis-emociones\/wp-json\/wp\/v2\/media?parent=3644"}],"curies":[{"name":"wp","href":"https:\/\/api.w.org\/{rel}","templated":true}]}}