{"id":6230,"date":"2026-02-04T09:37:06","date_gmt":"2026-02-04T15:37:06","guid":{"rendered":"https:\/\/apprende.jalisco.gob.mx\/subsecretaria-media-superior\/?page_id=6230"},"modified":"2026-03-27T13:20:30","modified_gmt":"2026-03-27T19:20:30","slug":"accion-social-jalisco-2026","status":"publish","type":"page","link":"https:\/\/apprende.jalisco.gob.mx\/subsecretaria-media-superior\/accion-social-jalisco-2026\/","title":{"rendered":"Acci\u00f3n Social Jalisco 2026"},"content":{"rendered":"\t\t<div data-elementor-type=\"wp-page\" data-elementor-id=\"6230\" class=\"elementor elementor-6230\" data-elementor-post-type=\"page\">\n\t\t\t\t\t\t\t\t\t<section class=\"elementor-section elementor-top-section elementor-element elementor-element-3cef407 elementor-section-full_width elementor-hidden-tablet elementor-hidden-mobile elementor-section-height-default elementor-section-height-default\" data-id=\"3cef407\" data-element_type=\"section\" data-settings=\"{&quot;ekit_has_onepagescroll_dot&quot;:&quot;yes&quot;}\">\n\t\t\t\t\t\t<div class=\"elementor-container elementor-column-gap-default\">\n\t\t\t\t\t<div class=\"elementor-column elementor-col-100 elementor-top-column elementor-element elementor-element-3704ff7\" data-id=\"3704ff7\" data-element_type=\"column\">\n\t\t\t<div class=\"elementor-widget-wrap elementor-element-populated\">\n\t\t\t\t\t\t\t\t<div class=\"elementor-element elementor-element-12c121f elementor-widget elementor-widget-image\" data-id=\"12c121f\" data-element_type=\"widget\" data-settings=\"{&quot;ekit_we_effect_on&quot;:&quot;none&quot;}\" data-widget_type=\"image.default\">\n\t\t\t\t<div class=\"elementor-widget-container\">\n\t\t\t\t\t\t\t\t\t\t\t\t\t\t\t<img decoding=\"async\" width=\"1024\" height=\"422\" src=\"https:\/\/apprende.jalisco.gob.mx\/subsecretaria-media-superior\/wp-content\/uploads\/sites\/16\/2026\/03\/convocatoriaabiertaaccionsocial-1024x422.png\" class=\"attachment-large size-large wp-image-6374\" alt=\"\" srcset=\"https:\/\/apprende.jalisco.gob.mx\/subsecretaria-media-superior\/wp-content\/uploads\/sites\/16\/2026\/03\/convocatoriaabiertaaccionsocial-1024x422.png 1024w, https:\/\/apprende.jalisco.gob.mx\/subsecretaria-media-superior\/wp-content\/uploads\/sites\/16\/2026\/03\/convocatoriaabiertaaccionsocial-300x124.png 300w, https:\/\/apprende.jalisco.gob.mx\/subsecretaria-media-superior\/wp-content\/uploads\/sites\/16\/2026\/03\/convocatoriaabiertaaccionsocial-768x317.png 768w, https:\/\/apprende.jalisco.gob.mx\/subsecretaria-media-superior\/wp-content\/uploads\/sites\/16\/2026\/03\/convocatoriaabiertaaccionsocial-1536x633.png 1536w, https:\/\/apprende.jalisco.gob.mx\/subsecretaria-media-superior\/wp-content\/uploads\/sites\/16\/2026\/03\/convocatoriaabiertaaccionsocial-2048x844.png 2048w\" sizes=\"(max-width: 1024px) 100vw, 1024px\" \/>\t\t\t\t\t\t\t\t\t\t\t\t\t\t\t<\/div>\n\t\t\t\t<\/div>\n\t\t\t\t<div class=\"elementor-element elementor-element-409866e elementor-hidden-tablet elementor-hidden-mobile elementor-widget elementor-widget-image\" data-id=\"409866e\" data-element_type=\"widget\" data-settings=\"{&quot;ekit_we_effect_on&quot;:&quot;none&quot;}\" data-widget_type=\"image.default\">\n\t\t\t\t<div class=\"elementor-widget-container\">\n\t\t\t\t\t\t\t\t\t\t\t\t\t\t\t<img decoding=\"async\" width=\"1024\" height=\"97\" src=\"https:\/\/apprende.jalisco.gob.mx\/subsecretaria-media-superior\/wp-content\/uploads\/sites\/16\/2026\/02\/banneraccionsocial-1024x97.png\" class=\"attachment-large size-large wp-image-6237\" alt=\"\" srcset=\"https:\/\/apprende.jalisco.gob.mx\/subsecretaria-media-superior\/wp-content\/uploads\/sites\/16\/2026\/02\/banneraccionsocial-1024x97.png 1024w, https:\/\/apprende.jalisco.gob.mx\/subsecretaria-media-superior\/wp-content\/uploads\/sites\/16\/2026\/02\/banneraccionsocial-300x28.png 300w, https:\/\/apprende.jalisco.gob.mx\/subsecretaria-media-superior\/wp-content\/uploads\/sites\/16\/2026\/02\/banneraccionsocial-768x73.png 768w, https:\/\/apprende.jalisco.gob.mx\/subsecretaria-media-superior\/wp-content\/uploads\/sites\/16\/2026\/02\/banneraccionsocial-1536x145.png 1536w, https:\/\/apprende.jalisco.gob.mx\/subsecretaria-media-superior\/wp-content\/uploads\/sites\/16\/2026\/02\/banneraccionsocial-2048x194.png 2048w\" sizes=\"(max-width: 1024px) 100vw, 1024px\" \/>\t\t\t\t\t\t\t\t\t\t\t\t\t\t\t<\/div>\n\t\t\t\t<\/div>\n\t\t\t\t\t<\/div>\n\t\t<\/div>\n\t\t\t\t\t\t\t<\/div>\n\t\t<\/section>\n\t\t\t\t<section class=\"elementor-section elementor-top-section elementor-element elementor-element-51e8ff0 elementor-section-boxed elementor-section-height-default elementor-section-height-default\" data-id=\"51e8ff0\" data-element_type=\"section\" data-settings=\"{&quot;ekit_has_onepagescroll_dot&quot;:&quot;yes&quot;}\">\n\t\t\t\t\t\t<div class=\"elementor-container elementor-column-gap-default\">\n\t\t\t\t\t<div class=\"elementor-column elementor-col-100 elementor-top-column elementor-element elementor-element-1416740\" data-id=\"1416740\" data-element_type=\"column\">\n\t\t\t<div class=\"elementor-widget-wrap elementor-element-populated\">\n\t\t\t\t\t\t\t\t<div class=\"elementor-element elementor-element-245cefc elementor-hidden-desktop elementor-hidden-laptop elementor-hidden-mobile_extra elementor-widget elementor-widget-image\" data-id=\"245cefc\" data-element_type=\"widget\" data-settings=\"{&quot;ekit_we_effect_on&quot;:&quot;none&quot;}\" data-widget_type=\"image.default\">\n\t\t\t\t<div class=\"elementor-widget-container\">\n\t\t\t\t\t\t\t\t\t\t\t\t\t\t\t<img decoding=\"async\" width=\"608\" height=\"1024\" src=\"https:\/\/apprende.jalisco.gob.mx\/subsecretaria-media-superior\/wp-content\/uploads\/sites\/16\/2026\/03\/bannermovilabiertaaccionsocial-608x1024.png\" class=\"attachment-large size-large wp-image-6436\" alt=\"\" srcset=\"https:\/\/apprende.jalisco.gob.mx\/subsecretaria-media-superior\/wp-content\/uploads\/sites\/16\/2026\/03\/bannermovilabiertaaccionsocial-608x1024.png 608w, https:\/\/apprende.jalisco.gob.mx\/subsecretaria-media-superior\/wp-content\/uploads\/sites\/16\/2026\/03\/bannermovilabiertaaccionsocial-178x300.png 178w, https:\/\/apprende.jalisco.gob.mx\/subsecretaria-media-superior\/wp-content\/uploads\/sites\/16\/2026\/03\/bannermovilabiertaaccionsocial-768x1294.png 768w, https:\/\/apprende.jalisco.gob.mx\/subsecretaria-media-superior\/wp-content\/uploads\/sites\/16\/2026\/03\/bannermovilabiertaaccionsocial-912x1536.png 912w, https:\/\/apprende.jalisco.gob.mx\/subsecretaria-media-superior\/wp-content\/uploads\/sites\/16\/2026\/03\/bannermovilabiertaaccionsocial-1215x2048.png 1215w\" sizes=\"(max-width: 608px) 100vw, 608px\" \/>\t\t\t\t\t\t\t\t\t\t\t\t\t\t\t<\/div>\n\t\t\t\t<\/div>\n\t\t\t\t\t<\/div>\n\t\t<\/div>\n\t\t\t\t\t\t\t<\/div>\n\t\t<\/section>\n\t\t\t\t<section class=\"elementor-section elementor-top-section elementor-element elementor-element-72d6085 elementor-section-boxed elementor-section-height-default elementor-section-height-default\" data-id=\"72d6085\" data-element_type=\"section\" data-settings=\"{&quot;ekit_has_onepagescroll_dot&quot;:&quot;yes&quot;}\">\n\t\t\t\t\t\t<div class=\"elementor-container elementor-column-gap-default\">\n\t\t\t\t\t<div class=\"elementor-column elementor-col-100 elementor-top-column elementor-element elementor-element-6301e0c\" data-id=\"6301e0c\" data-element_type=\"column\">\n\t\t\t<div class=\"elementor-widget-wrap elementor-element-populated\">\n\t\t\t\t\t\t\t\t<div class=\"elementor-element elementor-element-c4248d5 elementor-hidden-desktop elementor-hidden-laptop elementor-hidden-mobile_extra elementor-widget elementor-widget-image\" data-id=\"c4248d5\" data-element_type=\"widget\" data-settings=\"{&quot;ekit_we_effect_on&quot;:&quot;none&quot;}\" data-widget_type=\"image.default\">\n\t\t\t\t<div class=\"elementor-widget-container\">\n\t\t\t\t\t\t\t\t\t\t\t\t\t\t\t<img decoding=\"async\" width=\"939\" height=\"370\" src=\"https:\/\/apprende.jalisco.gob.mx\/subsecretaria-media-superior\/wp-content\/uploads\/sites\/16\/2026\/02\/bannermovilacsoc.png\" class=\"attachment-large size-large wp-image-6268\" alt=\"\" srcset=\"https:\/\/apprende.jalisco.gob.mx\/subsecretaria-media-superior\/wp-content\/uploads\/sites\/16\/2026\/02\/bannermovilacsoc.png 939w, https:\/\/apprende.jalisco.gob.mx\/subsecretaria-media-superior\/wp-content\/uploads\/sites\/16\/2026\/02\/bannermovilacsoc-300x118.png 300w, https:\/\/apprende.jalisco.gob.mx\/subsecretaria-media-superior\/wp-content\/uploads\/sites\/16\/2026\/02\/bannermovilacsoc-768x303.png 768w\" sizes=\"(max-width: 939px) 100vw, 939px\" \/>\t\t\t\t\t\t\t\t\t\t\t\t\t\t\t<\/div>\n\t\t\t\t<\/div>\n\t\t\t\t\t<\/div>\n\t\t<\/div>\n\t\t\t\t\t\t\t<\/div>\n\t\t<\/section>\n\t\t\t\t<section class=\"elementor-section elementor-top-section elementor-element elementor-element-91b8162 elementor-section-boxed elementor-section-height-default elementor-section-height-default\" data-id=\"91b8162\" data-element_type=\"section\" data-settings=\"{&quot;ekit_has_onepagescroll_dot&quot;:&quot;yes&quot;}\">\n\t\t\t\t\t\t<div class=\"elementor-container elementor-column-gap-default\">\n\t\t\t\t\t<div class=\"elementor-column elementor-col-33 elementor-top-column elementor-element elementor-element-42bb80c\" data-id=\"42bb80c\" data-element_type=\"column\">\n\t\t\t<div class=\"elementor-widget-wrap elementor-element-populated\">\n\t\t\t\t\t\t\t\t<div class=\"elementor-element elementor-element-ed8bd7f elementor-widget elementor-widget-image\" data-id=\"ed8bd7f\" data-element_type=\"widget\" data-settings=\"{&quot;ekit_we_effect_on&quot;:&quot;none&quot;}\" data-widget_type=\"image.default\">\n\t\t\t\t<div class=\"elementor-widget-container\">\n\t\t\t\t\t\t\t\t\t\t\t\t\t\t\t\t<a href=\"https:\/\/apprende.jalisco.gob.mx\/convocatoria\/convocatoria-premio-estatal-a-la-accion-social-2026\/\" target=\"_blank\">\n\t\t\t\t\t\t\t<img decoding=\"async\" width=\"946\" height=\"237\" src=\"https:\/\/apprende.jalisco.gob.mx\/subsecretaria-media-superior\/wp-content\/uploads\/sites\/16\/2026\/02\/asconvocatoria.png\" class=\"attachment-large size-large wp-image-6233\" alt=\"\" srcset=\"https:\/\/apprende.jalisco.gob.mx\/subsecretaria-media-superior\/wp-content\/uploads\/sites\/16\/2026\/02\/asconvocatoria.png 946w, https:\/\/apprende.jalisco.gob.mx\/subsecretaria-media-superior\/wp-content\/uploads\/sites\/16\/2026\/02\/asconvocatoria-300x75.png 300w, https:\/\/apprende.jalisco.gob.mx\/subsecretaria-media-superior\/wp-content\/uploads\/sites\/16\/2026\/02\/asconvocatoria-768x192.png 768w\" sizes=\"(max-width: 946px) 100vw, 946px\" \/>\t\t\t\t\t\t\t\t<\/a>\n\t\t\t\t\t\t\t\t\t\t\t\t\t\t\t<\/div>\n\t\t\t\t<\/div>\n\t\t\t\t\t<\/div>\n\t\t<\/div>\n\t\t\t\t<div class=\"elementor-column elementor-col-33 elementor-top-column elementor-element elementor-element-2804d47\" data-id=\"2804d47\" data-element_type=\"column\">\n\t\t\t<div class=\"elementor-widget-wrap elementor-element-populated\">\n\t\t\t\t\t\t\t\t<div class=\"elementor-element elementor-element-988f7f5 elementor-widget elementor-widget-image\" data-id=\"988f7f5\" data-element_type=\"widget\" data-settings=\"{&quot;ekit_we_effect_on&quot;:&quot;none&quot;}\" data-widget_type=\"image.default\">\n\t\t\t\t<div class=\"elementor-widget-container\">\n\t\t\t\t\t\t\t\t\t\t\t\t\t\t\t\t<a href=\"https:\/\/apprende.jalisco.gob.mx\/subsecretaria-media-superior\/wp-content\/uploads\/sites\/16\/2026\/03\/guiaderegistroaccionsocial2026.pdf\" target=\"_blank\">\n\t\t\t\t\t\t\t<img decoding=\"async\" width=\"946\" height=\"237\" src=\"https:\/\/apprende.jalisco.gob.mx\/subsecretaria-media-superior\/wp-content\/uploads\/sites\/16\/2026\/02\/asguiaregistro.png\" class=\"attachment-large size-large wp-image-6234\" alt=\"\" srcset=\"https:\/\/apprende.jalisco.gob.mx\/subsecretaria-media-superior\/wp-content\/uploads\/sites\/16\/2026\/02\/asguiaregistro.png 946w, https:\/\/apprende.jalisco.gob.mx\/subsecretaria-media-superior\/wp-content\/uploads\/sites\/16\/2026\/02\/asguiaregistro-300x75.png 300w, https:\/\/apprende.jalisco.gob.mx\/subsecretaria-media-superior\/wp-content\/uploads\/sites\/16\/2026\/02\/asguiaregistro-768x192.png 768w\" sizes=\"(max-width: 946px) 100vw, 946px\" \/>\t\t\t\t\t\t\t\t<\/a>\n\t\t\t\t\t\t\t\t\t\t\t\t\t\t\t<\/div>\n\t\t\t\t<\/div>\n\t\t\t\t\t<\/div>\n\t\t<\/div>\n\t\t\t\t<div class=\"elementor-column elementor-col-33 elementor-top-column elementor-element elementor-element-4d65c7e\" data-id=\"4d65c7e\" data-element_type=\"column\">\n\t\t\t<div class=\"elementor-widget-wrap elementor-element-populated\">\n\t\t\t\t\t\t\t\t<div class=\"elementor-element elementor-element-525dd5a elementor-widget elementor-widget-image\" data-id=\"525dd5a\" data-element_type=\"widget\" data-settings=\"{&quot;ekit_we_effect_on&quot;:&quot;none&quot;}\" data-widget_type=\"image.default\">\n\t\t\t\t<div class=\"elementor-widget-container\">\n\t\t\t\t\t\t\t\t\t\t\t\t\t\t\t\t<a href=\"https:\/\/apprende.jalisco.gob.mx\/subsecretaria-media-superior\/wp-content\/uploads\/sites\/16\/2026\/03\/portafoliodelproyecto2026v2.pdf\" target=\"_blank\">\n\t\t\t\t\t\t\t<img decoding=\"async\" width=\"946\" height=\"237\" src=\"https:\/\/apprende.jalisco.gob.mx\/subsecretaria-media-superior\/wp-content\/uploads\/sites\/16\/2026\/02\/asportafolio.png\" class=\"attachment-large size-large wp-image-6236\" alt=\"\" srcset=\"https:\/\/apprende.jalisco.gob.mx\/subsecretaria-media-superior\/wp-content\/uploads\/sites\/16\/2026\/02\/asportafolio.png 946w, https:\/\/apprende.jalisco.gob.mx\/subsecretaria-media-superior\/wp-content\/uploads\/sites\/16\/2026\/02\/asportafolio-300x75.png 300w, https:\/\/apprende.jalisco.gob.mx\/subsecretaria-media-superior\/wp-content\/uploads\/sites\/16\/2026\/02\/asportafolio-768x192.png 768w\" sizes=\"(max-width: 946px) 100vw, 946px\" \/>\t\t\t\t\t\t\t\t<\/a>\n\t\t\t\t\t\t\t\t\t\t\t\t\t\t\t<\/div>\n\t\t\t\t<\/div>\n\t\t\t\t\t<\/div>\n\t\t<\/div>\n\t\t\t\t\t\t\t<\/div>\n\t\t<\/section>\n\t\t\t\t<section class=\"elementor-section elementor-top-section elementor-element elementor-element-d797a70 elementor-section-full_width elementor-section-height-default elementor-section-height-default\" data-id=\"d797a70\" data-element_type=\"section\" data-settings=\"{&quot;ekit_has_onepagescroll_dot&quot;:&quot;yes&quot;}\">\n\t\t\t\t\t\t<div class=\"elementor-container elementor-column-gap-default\">\n\t\t\t\t\t<div class=\"elementor-column elementor-col-33 elementor-top-column elementor-element elementor-element-da90ff8\" data-id=\"da90ff8\" data-element_type=\"column\">\n\t\t\t<div class=\"elementor-widget-wrap\">\n\t\t\t\t\t\t\t\t\t<\/div>\n\t\t<\/div>\n\t\t\t\t<div class=\"elementor-column elementor-col-33 elementor-top-column elementor-element elementor-element-5b730db\" data-id=\"5b730db\" data-element_type=\"column\">\n\t\t\t<div class=\"elementor-widget-wrap elementor-element-populated\">\n\t\t\t\t\t\t\t\t<div class=\"elementor-element elementor-element-8848194 elementor-widget elementor-widget-image\" data-id=\"8848194\" data-element_type=\"widget\" data-settings=\"{&quot;ekit_we_effect_on&quot;:&quot;none&quot;}\" data-widget_type=\"image.default\">\n\t\t\t\t<div class=\"elementor-widget-container\">\n\t\t\t\t\t\t\t\t\t\t\t\t\t\t\t\t<a href=\"https:\/\/accionsocial.jalisco.gob.mx\/\" target=\"_blank\">\n\t\t\t\t\t\t\t<img decoding=\"async\" width=\"946\" height=\"237\" src=\"https:\/\/apprende.jalisco.gob.mx\/subsecretaria-media-superior\/wp-content\/uploads\/sites\/16\/2026\/02\/asincribete.png\" class=\"attachment-large size-large wp-image-6235\" alt=\"\" srcset=\"https:\/\/apprende.jalisco.gob.mx\/subsecretaria-media-superior\/wp-content\/uploads\/sites\/16\/2026\/02\/asincribete.png 946w, https:\/\/apprende.jalisco.gob.mx\/subsecretaria-media-superior\/wp-content\/uploads\/sites\/16\/2026\/02\/asincribete-300x75.png 300w, https:\/\/apprende.jalisco.gob.mx\/subsecretaria-media-superior\/wp-content\/uploads\/sites\/16\/2026\/02\/asincribete-768x192.png 768w\" sizes=\"(max-width: 946px) 100vw, 946px\" \/>\t\t\t\t\t\t\t\t<\/a>\n\t\t\t\t\t\t\t\t\t\t\t\t\t\t\t<\/div>\n\t\t\t\t<\/div>\n\t\t\t\t\t<\/div>\n\t\t<\/div>\n\t\t\t\t<div class=\"elementor-column elementor-col-33 elementor-top-column elementor-element elementor-element-178c8e2\" data-id=\"178c8e2\" data-element_type=\"column\">\n\t\t\t<div class=\"elementor-widget-wrap\">\n\t\t\t\t\t\t\t\t\t<\/div>\n\t\t<\/div>\n\t\t\t\t\t\t\t<\/div>\n\t\t<\/section>\n\t\t\t\t\t\t\t<\/div>\n\t\t","protected":false},"excerpt":{"rendered":"","protected":false},"author":8,"featured_media":0,"parent":0,"menu_order":0,"comment_status":"closed","ping_status":"closed","template":"","meta":{"_monsterinsights_skip_tracking":false,"_monsterinsights_sitenote_active":false,"_monsterinsights_sitenote_note":"","_monsterinsights_sitenote_category":0,"site-sidebar-layout":"no-sidebar","site-content-layout":"page-builder","ast-site-content-layout":"default","site-content-style":"default","site-sidebar-style":"default","ast-global-header-display":"","ast-banner-title-visibility":"","ast-main-header-display":"","ast-hfb-above-header-display":"","ast-hfb-below-header-display":"","ast-hfb-mobile-header-display":"","site-post-title":"disabled","ast-breadcrumbs-content":"","ast-featured-img":"disabled","footer-sml-layout":"","theme-transparent-header-meta":"default","adv-header-id-meta":"","stick-header-meta":"default","header-above-stick-meta":"","header-main-stick-meta":"","header-below-stick-meta":"","astra-migrate-meta-layouts":"set","ep_exclude_from_search":false,"footnotes":""},"acf":[],"yoast_head":"<!-- This site is optimized with the Yoast SEO Premium plugin v17.7 (Yoast SEO v21.0) - https:\/\/yoast.com\/wordpress\/plugins\/seo\/ -->\n<title>Acci\u00f3n Social Jalisco 2026 - Subsecretar\u00eda de Educaci\u00f3n Media Superior<\/title>\n<meta name=\"robots\" content=\"index, follow, max-snippet:-1, max-image-preview:large, max-video-preview:-1\" \/>\n<link rel=\"canonical\" href=\"https:\/\/apprende.jalisco.gob.mx\/subsecretaria-media-superior\/accion-social-jalisco-2026\/\" \/>\n<meta property=\"og:locale\" content=\"es_MX\" \/>\n<meta property=\"og:type\" content=\"article\" \/>\n<meta property=\"og:title\" content=\"Acci\u00f3n Social Jalisco 2026\" \/>\n<meta property=\"og:url\" content=\"https:\/\/apprende.jalisco.gob.mx\/subsecretaria-media-superior\/accion-social-jalisco-2026\/\" \/>\n<meta property=\"og:site_name\" content=\"Subsecretar\u00eda de Educaci\u00f3n Media Superior\" \/>\n<meta property=\"article:modified_time\" content=\"2026-03-27T19:20:30+00:00\" \/>\n<meta property=\"og:image\" content=\"https:\/\/apprende.jalisco.gob.mx\/subsecretaria-media-superior\/wp-content\/uploads\/sites\/16\/2026\/03\/convocatoriaabiertaaccionsocial-1024x422.png\" \/>\n<meta name=\"twitter:card\" content=\"summary_large_image\" \/>\n<meta name=\"twitter:label1\" content=\"Tiempo de lectura\" \/>\n\t<meta name=\"twitter:data1\" content=\"2 minutos\" \/>\n<script type=\"application\/ld+json\" class=\"yoast-schema-graph\">{\"@context\":\"https:\/\/schema.org\",\"@graph\":[{\"@type\":\"WebPage\",\"@id\":\"https:\/\/apprende.jalisco.gob.mx\/subsecretaria-media-superior\/accion-social-jalisco-2026\/\",\"url\":\"https:\/\/apprende.jalisco.gob.mx\/subsecretaria-media-superior\/accion-social-jalisco-2026\/\",\"name\":\"Acci\u00f3n Social Jalisco 2026 - Subsecretar\u00eda de Educaci\u00f3n Media Superior\",\"isPartOf\":{\"@id\":\"https:\/\/apprende.jalisco.gob.mx\/subsecretaria-media-superior\/#website\"},\"datePublished\":\"2026-02-04T15:37:06+00:00\",\"dateModified\":\"2026-03-27T19:20:30+00:00\",\"breadcrumb\":{\"@id\":\"https:\/\/apprende.jalisco.gob.mx\/subsecretaria-media-superior\/accion-social-jalisco-2026\/#breadcrumb\"},\"inLanguage\":\"es-MX\",\"potentialAction\":[{\"@type\":\"ReadAction\",\"target\":[\"https:\/\/apprende.jalisco.gob.mx\/subsecretaria-media-superior\/accion-social-jalisco-2026\/\"]}]},{\"@type\":\"BreadcrumbList\",\"@id\":\"https:\/\/apprende.jalisco.gob.mx\/subsecretaria-media-superior\/accion-social-jalisco-2026\/#breadcrumb\",\"itemListElement\":[{\"@type\":\"ListItem\",\"position\":1,\"name\":\"Inicio\",\"item\":\"https:\/\/apprende.jalisco.gob.mx\/subsecretaria-media-superior\/\"},{\"@type\":\"ListItem\",\"position\":2,\"name\":\"Acci\u00f3n Social Jalisco 2026\"}]},{\"@type\":\"WebSite\",\"@id\":\"https:\/\/apprende.jalisco.gob.mx\/subsecretaria-media-superior\/#website\",\"url\":\"https:\/\/apprende.jalisco.gob.mx\/subsecretaria-media-superior\/\",\"name\":\"Subsecretar\u00eda de Educaci\u00f3n Media Superior\",\"description\":\"Micrositio\",\"publisher\":{\"@id\":\"https:\/\/apprende.jalisco.gob.mx\/subsecretaria-media-superior\/#organization\"},\"potentialAction\":[{\"@type\":\"SearchAction\",\"target\":{\"@type\":\"EntryPoint\",\"urlTemplate\":\"https:\/\/apprende.jalisco.gob.mx\/subsecretaria-media-superior\/?s={search_term_string}\"},\"query-input\":\"required name=search_term_string\"}],\"inLanguage\":\"es-MX\"},{\"@type\":\"Organization\",\"@id\":\"https:\/\/apprende.jalisco.gob.mx\/subsecretaria-media-superior\/#organization\",\"name\":\"Subsecretar\u00eda de Educaci\u00f3n Media Superior\",\"url\":\"https:\/\/apprende.jalisco.gob.mx\/subsecretaria-media-superior\/\",\"logo\":{\"@type\":\"ImageObject\",\"inLanguage\":\"es-MX\",\"@id\":\"https:\/\/apprende.jalisco.gob.mx\/subsecretaria-media-superior\/#\/schema\/logo\/image\/\",\"url\":\"https:\/\/apprende.jalisco.gob.mx\/subsecretaria-media-superior\/wp-content\/uploads\/sites\/16\/2022\/03\/logo-Educacion2025.png\",\"contentUrl\":\"https:\/\/apprende.jalisco.gob.mx\/subsecretaria-media-superior\/wp-content\/uploads\/sites\/16\/2022\/03\/logo-Educacion2025.png\",\"width\":427,\"height\":108,\"caption\":\"Subsecretar\u00eda de Educaci\u00f3n Media Superior\"},\"image\":{\"@id\":\"https:\/\/apprende.jalisco.gob.mx\/subsecretaria-media-superior\/#\/schema\/logo\/image\/\"}}]}<\/script>\n<!-- \/ Yoast SEO Premium plugin. -->","yoast_head_json":{"title":"Acci\u00f3n Social Jalisco 2026 - Subsecretar\u00eda de Educaci\u00f3n Media Superior","robots":{"index":"index","follow":"follow","max-snippet":"max-snippet:-1","max-image-preview":"max-image-preview:large","max-video-preview":"max-video-preview:-1"},"canonical":"https:\/\/apprende.jalisco.gob.mx\/subsecretaria-media-superior\/accion-social-jalisco-2026\/","og_locale":"es_MX","og_type":"article","og_title":"Acci\u00f3n Social Jalisco 2026","og_url":"https:\/\/apprende.jalisco.gob.mx\/subsecretaria-media-superior\/accion-social-jalisco-2026\/","og_site_name":"Subsecretar\u00eda de Educaci\u00f3n Media Superior","article_modified_time":"2026-03-27T19:20:30+00:00","og_image":[{"url":"https:\/\/apprende.jalisco.gob.mx\/subsecretaria-media-superior\/wp-content\/uploads\/sites\/16\/2026\/03\/convocatoriaabiertaaccionsocial-1024x422.png"}],"twitter_card":"summary_large_image","twitter_misc":{"Tiempo de lectura":"2 minutos"},"schema":{"@context":"https:\/\/schema.org","@graph":[{"@type":"WebPage","@id":"https:\/\/apprende.jalisco.gob.mx\/subsecretaria-media-superior\/accion-social-jalisco-2026\/","url":"https:\/\/apprende.jalisco.gob.mx\/subsecretaria-media-superior\/accion-social-jalisco-2026\/","name":"Acci\u00f3n Social Jalisco 2026 - Subsecretar\u00eda de Educaci\u00f3n Media Superior","isPartOf":{"@id":"https:\/\/apprende.jalisco.gob.mx\/subsecretaria-media-superior\/#website"},"datePublished":"2026-02-04T15:37:06+00:00","dateModified":"2026-03-27T19:20:30+00:00","breadcrumb":{"@id":"https:\/\/apprende.jalisco.gob.mx\/subsecretaria-media-superior\/accion-social-jalisco-2026\/#breadcrumb"},"inLanguage":"es-MX","potentialAction":[{"@type":"ReadAction","target":["https:\/\/apprende.jalisco.gob.mx\/subsecretaria-media-superior\/accion-social-jalisco-2026\/"]}]},{"@type":"BreadcrumbList","@id":"https:\/\/apprende.jalisco.gob.mx\/subsecretaria-media-superior\/accion-social-jalisco-2026\/#breadcrumb","itemListElement":[{"@type":"ListItem","position":1,"name":"Inicio","item":"https:\/\/apprende.jalisco.gob.mx\/subsecretaria-media-superior\/"},{"@type":"ListItem","position":2,"name":"Acci\u00f3n Social Jalisco 2026"}]},{"@type":"WebSite","@id":"https:\/\/apprende.jalisco.gob.mx\/subsecretaria-media-superior\/#website","url":"https:\/\/apprende.jalisco.gob.mx\/subsecretaria-media-superior\/","name":"Subsecretar\u00eda de Educaci\u00f3n Media Superior","description":"Micrositio","publisher":{"@id":"https:\/\/apprende.jalisco.gob.mx\/subsecretaria-media-superior\/#organization"},"potentialAction":[{"@type":"SearchAction","target":{"@type":"EntryPoint","urlTemplate":"https:\/\/apprende.jalisco.gob.mx\/subsecretaria-media-superior\/?s={search_term_string}"},"query-input":"required name=search_term_string"}],"inLanguage":"es-MX"},{"@type":"Organization","@id":"https:\/\/apprende.jalisco.gob.mx\/subsecretaria-media-superior\/#organization","name":"Subsecretar\u00eda de Educaci\u00f3n Media Superior","url":"https:\/\/apprende.jalisco.gob.mx\/subsecretaria-media-superior\/","logo":{"@type":"ImageObject","inLanguage":"es-MX","@id":"https:\/\/apprende.jalisco.gob.mx\/subsecretaria-media-superior\/#\/schema\/logo\/image\/","url":"https:\/\/apprende.jalisco.gob.mx\/subsecretaria-media-superior\/wp-content\/uploads\/sites\/16\/2022\/03\/logo-Educacion2025.png","contentUrl":"https:\/\/apprende.jalisco.gob.mx\/subsecretaria-media-superior\/wp-content\/uploads\/sites\/16\/2022\/03\/logo-Educacion2025.png","width":427,"height":108,"caption":"Subsecretar\u00eda de Educaci\u00f3n Media Superior"},"image":{"@id":"https:\/\/apprende.jalisco.gob.mx\/subsecretaria-media-superior\/#\/schema\/logo\/image\/"}}]}},"_links":{"self":[{"href":"https:\/\/apprende.jalisco.gob.mx\/subsecretaria-media-superior\/wp-json\/wp\/v2\/pages\/6230"}],"collection":[{"href":"https:\/\/apprende.jalisco.gob.mx\/subsecretaria-media-superior\/wp-json\/wp\/v2\/pages"}],"about":[{"href":"https:\/\/apprende.jalisco.gob.mx\/subsecretaria-media-superior\/wp-json\/wp\/v2\/types\/page"}],"author":[{"embeddable":true,"href":"https:\/\/apprende.jalisco.gob.mx\/subsecretaria-media-superior\/wp-json\/wp\/v2\/users\/8"}],"replies":[{"embeddable":true,"href":"https:\/\/apprende.jalisco.gob.mx\/subsecretaria-media-superior\/wp-json\/wp\/v2\/comments?post=6230"}],"version-history":[{"count":31,"href":"https:\/\/apprende.jalisco.gob.mx\/subsecretaria-media-superior\/wp-json\/wp\/v2\/pages\/6230\/revisions"}],"predecessor-version":[{"id":6510,"href":"https:\/\/apprende.jalisco.gob.mx\/subsecretaria-media-superior\/wp-json\/wp\/v2\/pages\/6230\/revisions\/6510"}],"wp:attachment":[{"href":"https:\/\/apprende.jalisco.gob.mx\/subsecretaria-media-superior\/wp-json\/wp\/v2\/media?parent=6230"}],"curies":[{"name":"wp","href":"https:\/\/api.w.org\/{rel}","templated":true}]}}